Last updated on 2025-11-24 11:50:14 CET.
| Flavor | Version | Tinstall | Tcheck | Ttotal | Status | Flags |
|---|---|---|---|---|---|---|
| r-devel-linux-x86_64-debian-clang | 0.1-4 | 2.54 | 25.54 | 28.08 | NOTE | |
| r-devel-linux-x86_64-debian-gcc | 0.1-4 | 2.05 | 20.36 | 22.41 | NOTE | |
| r-devel-linux-x86_64-fedora-clang | 0.1-4 | 40.13 | OK | |||
| r-devel-linux-x86_64-fedora-gcc | 0.1-4 | 41.02 | NOTE | |||
| r-devel-windows-x86_64 | 0.1-4 | 5.00 | 42.00 | 47.00 | OK | |
| r-patched-linux-x86_64 | 0.1-4 | 2.40 | 23.95 | 26.35 | OK | |
| r-release-linux-x86_64 | 0.1-4 | 2.52 | 23.87 | 26.39 | OK | |
| r-release-macos-arm64 | 0.1-4 | OK | ||||
| r-release-macos-x86_64 | 0.1-4 | 2.00 | 29.00 | 31.00 | OK | |
| r-release-windows-x86_64 | 0.1-4 | 5.00 | 53.00 | 58.00 | OK | |
| r-oldrel-macos-arm64 | 0.1-4 | OK | ||||
| r-oldrel-macos-x86_64 | 0.1-4 | 2.00 | 24.00 | 26.00 | OK | |
| r-oldrel-windows-x86_64 | 0.1-4 | 5.00 | 49.00 | 54.00 | OK |
Version: 0.1-4
Check: CRAN incoming feasibility
Result: NOTE
Maintainer: ‘Emmanuel Charpentier <emm.charpentier@free.fr>’
Found the following (possibly) invalid file URI:
URI: emm.charpentier@free.fr
From: man/patchSynctex-package.Rd
Flavors: r-devel-linux-x86_64-debian-clang, r-devel-linux-x86_64-debian-gcc
Version: 0.1-4
Check: for non-standard things in the check directory
Result: NOTE
Found the following files/directories:
‘Minimal-concordance.tex’ ‘Minimal.Rnw’ ‘Minimal.pdf’
‘Minimal.synctex.gz’ ‘Minimal.tex’ ‘figure’
Flavor: r-devel-linux-x86_64-fedora-gcc