Last updated on 2025-11-03 05:50:49 CET.
| Flavor | Version | Tinstall | Tcheck | Ttotal | Status | Flags |
|---|---|---|---|---|---|---|
| r-devel-linux-x86_64-debian-clang | 0.0.5 | 55.95 | 379.37 | 435.32 | NOTE | |
| r-devel-linux-x86_64-debian-gcc | 0.0.5 | 30.03 | 253.52 | 283.55 | NOTE | |
| r-devel-linux-x86_64-fedora-clang | 0.0.5 | 149.00 | 477.45 | 626.45 | NOTE | |
| r-devel-linux-x86_64-fedora-gcc | 0.0.5 | 108.00 | 505.86 | 613.86 | NOTE | |
| r-devel-windows-x86_64 | 0.0.5 | 48.00 | 308.00 | 356.00 | NOTE | |
| r-patched-linux-x86_64 | 0.0.5 | 48.31 | 356.84 | 405.15 | NOTE | |
| r-release-linux-x86_64 | 0.0.5 | 50.38 | 358.28 | 408.66 | NOTE | |
| r-release-macos-arm64 | 0.0.5 | 20.00 | 117.00 | 137.00 | NOTE | |
| r-release-macos-x86_64 | 0.0.5 | 62.00 | 402.00 | 464.00 | NOTE | |
| r-release-windows-x86_64 | 0.0.5 | 48.00 | 295.00 | 343.00 | NOTE | |
| r-oldrel-macos-arm64 | 0.0.5 | 16.00 | 100.00 | 116.00 | NOTE | |
| r-oldrel-macos-x86_64 | 0.0.5 | 32.00 | 346.00 | 378.00 | NOTE | |
| r-oldrel-windows-x86_64 | 0.0.5 | 68.00 | 426.00 | 494.00 | NOTE |
Version: 0.0.5
Check: Rd files
Result: NOTE
checkRd: (-1) plotHeat.Rd:113: Lost braces
113 | code{\link[patternize]{patPCA}}, as 'one' when visualizing single image or as 'multi' for multi
| ^
Flavors: r-devel-linux-x86_64-debian-clang, r-devel-linux-x86_64-debian-gcc, r-devel-linux-x86_64-fedora-clang, r-devel-linux-x86_64-fedora-gcc, r-devel-windows-x86_64, r-patched-linux-x86_64, r-release-linux-x86_64, r-release-macos-arm64, r-release-macos-x86_64, r-release-windows-x86_64, r-oldrel-macos-arm64, r-oldrel-macos-x86_64, r-oldrel-windows-x86_64