Last updated on 2025-11-02 23:49:46 CET.
| Flavor | Version | Tinstall | Tcheck | Ttotal | Status | Flags |
|---|---|---|---|---|---|---|
| r-devel-linux-x86_64-debian-clang | 0.1.3 | 16.02 | 136.09 | 152.11 | OK | |
| r-devel-linux-x86_64-debian-gcc | 0.1.3 | 7.86 | 93.66 | 101.52 | OK | |
| r-devel-linux-x86_64-fedora-clang | 0.1.3 | 74.00 | 179.31 | 253.31 | OK | |
| r-devel-linux-x86_64-fedora-gcc | 0.1.3 | 128.00 | 130.28 | 258.28 | OK | |
| r-devel-windows-x86_64 | 0.1.3 | 16.00 | 162.00 | 178.00 | OK | |
| r-patched-linux-x86_64 | 0.1.3 | 14.04 | 123.93 | 137.97 | OK | |
| r-release-linux-x86_64 | 0.1.3 | 12.73 | 128.44 | 141.17 | OK | |
| r-release-macos-arm64 | 0.1.3 | 5.00 | 66.00 | 71.00 | OK | |
| r-release-macos-x86_64 | 0.1.3 | 8.00 | 103.00 | 111.00 | OK | |
| r-release-windows-x86_64 | 0.1.3 | 17.00 | 146.00 | 163.00 | OK | |
| r-oldrel-macos-arm64 | 0.1.3 | 4.00 | 59.00 | 63.00 | OK | |
| r-oldrel-macos-x86_64 | 0.1.3 | 6.00 | 73.00 | 79.00 | NOTE | |
| r-oldrel-windows-x86_64 | 0.1.3 | 21.00 | 209.00 | 230.00 | OK |
Version: 0.1.3
Check: package dependencies
Result: NOTE
Package suggested but not available for checking: ‘ggtreeExtra’
Flavor: r-oldrel-macos-x86_64