Last updated on 2025-02-22 17:49:53 CET.
Flavor | Version | Tinstall | Tcheck | Ttotal | Status | Flags |
---|---|---|---|---|---|---|
r-devel-linux-x86_64-debian-clang | 1.0.3 | 8.28 | 24.37 | 32.65 | OK | |
r-devel-linux-x86_64-debian-gcc | 1.0.3 | 10.79 | 19.16 | 29.95 | OK | |
r-devel-linux-x86_64-fedora-clang | 1.0.3 | 50.43 | NOTE | |||
r-devel-linux-x86_64-fedora-gcc | 1.0.3 | 60.92 | NOTE | |||
r-devel-macos-arm64 | 1.0.3 | 53.00 | OK | |||
r-devel-macos-x86_64 | 1.0.3 | 44.00 | OK | |||
r-devel-windows-x86_64 | 1.0.3 | 16.00 | 51.00 | 67.00 | OK | |
r-patched-linux-x86_64 | 1.0.3 | 14.23 | 23.00 | 37.23 | OK | |
r-release-linux-x86_64 | 1.0.3 | 14.10 | 23.30 | 37.40 | OK | |
r-release-macos-arm64 | 1.0.3 | 50.00 | OK | |||
r-release-macos-x86_64 | 1.0.3 | 34.00 | OK | |||
r-release-windows-x86_64 | 1.0.3 | 16.00 | 50.00 | 66.00 | OK | |
r-oldrel-macos-arm64 | 1.0.3 | 62.00 | OK | |||
r-oldrel-macos-x86_64 | 1.0.3 | 33.00 | OK | |||
r-oldrel-windows-x86_64 | 1.0.3 | 16.00 | 51.00 | 67.00 | OK |
Version: 1.0.3
Check: compiled code
Result: NOTE
File ‘pdc/libs/pdc.so’:
Found no calls to: ‘R_registerRoutines’, ‘R_useDynamicSymbols’
It is good practice to register native routines and to disable symbol
search.
See ‘Writing portable packages’ in the ‘Writing R Extensions’ manual.
Flavors: r-devel-linux-x86_64-fedora-clang, r-devel-linux-x86_64-fedora-gcc