CRAN Package Check Results for Package pdfsearch

Last updated on 2025-05-28 12:49:41 CEST.

Flavor Version Tinstall Tcheck Ttotal Status Flags
r-devel-linux-x86_64-debian-clang 0.4.1 4.63 53.62 58.25 ERROR
r-devel-linux-x86_64-debian-gcc 0.4.1 3.58 40.70 44.28 ERROR
r-devel-linux-x86_64-fedora-clang 0.4.1 90.72 ERROR
r-devel-linux-x86_64-fedora-gcc 0.4.1 97.77 ERROR
r-devel-windows-x86_64 0.4.1 7.00 72.00 79.00 ERROR
r-patched-linux-x86_64 0.4.1 4.81 50.46 55.27 ERROR
r-release-linux-x86_64 0.4.1 5.21 50.81 56.02 ERROR
r-release-macos-arm64 0.4.1 66.00 OK
r-release-macos-x86_64 0.4.1 87.00 OK
r-release-windows-x86_64 0.4.1 7.00 73.00 80.00 ERROR
r-oldrel-macos-arm64 0.4.1 44.00 OK
r-oldrel-macos-x86_64 0.4.1 82.00 OK
r-oldrel-windows-x86_64 0.4.1 10.00 88.00 98.00 ERROR

Check Details

Version: 0.4.1
Check: tests
Result: ERROR Running ‘testthat.R’ [7s/10s] Running the tests in ‘tests/testthat.R’ failed. Complete output: > library(testthat) > library(pdfsearch) > > test_check("pdfsearch") [ FAIL 1 | WARN 0 | SKIP 0 | PASS 17 ] ══ Failed tests ════════════════════════════════════════════════════════════════ ── Failure ('test_page.r:22:3'): correct page manual ─────────────────────────── ...[] not equal to 156. 1/1 mismatches [1] 166 - 156 == 10 [ FAIL 1 | WARN 0 | SKIP 0 | PASS 17 ] Error: Test failures Execution halted Flavor: r-devel-linux-x86_64-debian-clang

Version: 0.4.1
Check: tests
Result: ERROR Running ‘testthat.R’ [5s/6s] Running the tests in ‘tests/testthat.R’ failed. Complete output: > library(testthat) > library(pdfsearch) > > test_check("pdfsearch") [ FAIL 1 | WARN 0 | SKIP 0 | PASS 17 ] ══ Failed tests ════════════════════════════════════════════════════════════════ ── Failure ('test_page.r:22:3'): correct page manual ─────────────────────────── ...[] not equal to 156. 1/1 mismatches [1] 166 - 156 == 10 [ FAIL 1 | WARN 0 | SKIP 0 | PASS 17 ] Error: Test failures Execution halted Flavor: r-devel-linux-x86_64-debian-gcc

Version: 0.4.1
Check: tests
Result: ERROR Running ‘testthat.R’ [10s/11s] Running the tests in ‘tests/testthat.R’ failed. Complete output: > library(testthat) > library(pdfsearch) > > test_check("pdfsearch") [ FAIL 1 | WARN 0 | SKIP 0 | PASS 17 ] ══ Failed tests ════════════════════════════════════════════════════════════════ ── Failure ('test_page.r:22:3'): correct page manual ─────────────────────────── ...[] not equal to 156. 1/1 mismatches [1] 166 - 156 == 10 [ FAIL 1 | WARN 0 | SKIP 0 | PASS 17 ] Error: Test failures Execution halted Flavors: r-devel-linux-x86_64-fedora-clang, r-devel-linux-x86_64-fedora-gcc

Version: 0.4.1
Check: tests
Result: ERROR Running 'testthat.R' [6s] Running the tests in 'tests/testthat.R' failed. Complete output: > library(testthat) > library(pdfsearch) > > test_check("pdfsearch") [ FAIL 1 | WARN 0 | SKIP 0 | PASS 17 ] ══ Failed tests ════════════════════════════════════════════════════════════════ ── Failure ('test_page.r:22:3'): correct page manual ─────────────────────────── ...[] not equal to 156. 1/1 mismatches [1] 166 - 156 == 10 [ FAIL 1 | WARN 0 | SKIP 0 | PASS 17 ] Error: Test failures Execution halted Flavor: r-devel-windows-x86_64

Version: 0.4.1
Check: tests
Result: ERROR Running ‘testthat.R’ [6s/8s] Running the tests in ‘tests/testthat.R’ failed. Complete output: > library(testthat) > library(pdfsearch) > > test_check("pdfsearch") [ FAIL 1 | WARN 0 | SKIP 0 | PASS 17 ] ══ Failed tests ════════════════════════════════════════════════════════════════ ── Failure ('test_page.r:22:3'): correct page manual ─────────────────────────── ...[] not equal to 156. 1/1 mismatches [1] 166 - 156 == 10 [ FAIL 1 | WARN 0 | SKIP 0 | PASS 17 ] Error: Test failures Execution halted Flavor: r-patched-linux-x86_64

Version: 0.4.1
Check: tests
Result: ERROR Running ‘testthat.R’ [7s/7s] Running the tests in ‘tests/testthat.R’ failed. Complete output: > library(testthat) > library(pdfsearch) > > test_check("pdfsearch") [ FAIL 1 | WARN 0 | SKIP 0 | PASS 17 ] ══ Failed tests ════════════════════════════════════════════════════════════════ ── Failure ('test_page.r:22:3'): correct page manual ─────────────────────────── ...[] not equal to 156. 1/1 mismatches [1] 166 - 156 == 10 [ FAIL 1 | WARN 0 | SKIP 0 | PASS 17 ] Error: Test failures Execution halted Flavor: r-release-linux-x86_64

Version: 0.4.1
Check: tests
Result: ERROR Running 'testthat.R' [7s] Running the tests in 'tests/testthat.R' failed. Complete output: > library(testthat) > library(pdfsearch) > > test_check("pdfsearch") [ FAIL 1 | WARN 0 | SKIP 0 | PASS 17 ] ══ Failed tests ════════════════════════════════════════════════════════════════ ── Failure ('test_page.r:22:3'): correct page manual ─────────────────────────── ...[] not equal to 156. 1/1 mismatches [1] 166 - 156 == 10 [ FAIL 1 | WARN 0 | SKIP 0 | PASS 17 ] Error: Test failures Execution halted Flavor: r-release-windows-x86_64

Version: 0.4.1
Check: tests
Result: ERROR Running 'testthat.R' [9s] Running the tests in 'tests/testthat.R' failed. Complete output: > library(testthat) > library(pdfsearch) > > test_check("pdfsearch") [ FAIL 1 | WARN 0 | SKIP 0 | PASS 17 ] ══ Failed tests ════════════════════════════════════════════════════════════════ ── Failure ('test_page.r:22:3'): correct page manual ─────────────────────────── ...[] not equal to 156. 1/1 mismatches [1] 166 - 156 == 10 [ FAIL 1 | WARN 0 | SKIP 0 | PASS 17 ] Error: Test failures Execution halted Flavor: r-oldrel-windows-x86_64

mirror server hosted at Truenetwork, Russian Federation.