Last updated on 2024-06-29 12:48:25 CEST.
Flavor | Version | Tinstall | Tcheck | Ttotal | Status | Flags |
---|---|---|---|---|---|---|
r-devel-linux-x86_64-debian-clang | 0.2 | 18.85 | 131.80 | 150.65 | NOTE | |
r-devel-linux-x86_64-debian-gcc | 0.2 | 14.54 | 96.37 | 110.91 | NOTE | |
r-devel-linux-x86_64-fedora-clang | 0.2 | 185.87 | NOTE | |||
r-devel-linux-x86_64-fedora-gcc | 0.2 | 178.00 | NOTE | |||
r-devel-windows-x86_64 | 0.2 | 16.00 | 105.00 | 121.00 | NOTE | |
r-patched-linux-x86_64 | 0.2 | 13.98 | 126.75 | 140.73 | NOTE | |
r-release-linux-x86_64 | 0.2 | 16.50 | 125.79 | 142.29 | NOTE | |
r-release-macos-arm64 | 0.2 | 47.00 | NOTE | |||
r-release-macos-x86_64 | 0.2 | 69.00 | NOTE | |||
r-release-windows-x86_64 | 0.2 | 17.00 | 102.00 | 119.00 | NOTE | |
r-oldrel-macos-arm64 | 0.2 | 64.00 | NOTE | |||
r-oldrel-macos-x86_64 | 0.2 | 91.00 | NOTE | |||
r-oldrel-windows-x86_64 | 0.2 | 21.00 | 131.00 | 152.00 | NOTE |
Version: 0.2
Check: Rd files
Result: NOTE
checkRd: (-1) my.bspline.Rd:38: Escaped LaTeX specials: \$ \$ \$
Flavors: r-devel-linux-x86_64-debian-clang, r-devel-linux-x86_64-debian-gcc, r-devel-linux-x86_64-fedora-clang, r-devel-linux-x86_64-fedora-gcc, r-devel-windows-x86_64, r-patched-linux-x86_64, r-release-linux-x86_64, r-release-macos-arm64, r-release-macos-x86_64, r-release-windows-x86_64, r-oldrel-macos-arm64, r-oldrel-macos-x86_64, r-oldrel-windows-x86_64