Last updated on 2024-06-29 12:48:25 CEST.
Flavor | Version | Tinstall | Tcheck | Ttotal | Status | Flags |
---|---|---|---|---|---|---|
r-devel-linux-x86_64-debian-clang | 0.5.1 | 2.24 | 38.18 | 40.42 | OK | |
r-devel-linux-x86_64-debian-gcc | 0.5.1 | 1.98 | 28.36 | 30.34 | OK | |
r-devel-linux-x86_64-fedora-clang | 0.5.1 | 49.57 | NOTE | |||
r-devel-linux-x86_64-fedora-gcc | 0.5.1 | 48.10 | OK | |||
r-devel-windows-x86_64 | 0.5.1 | 3.00 | 50.00 | 53.00 | OK | |
r-patched-linux-x86_64 | 0.5.1 | 2.75 | 35.14 | 37.89 | OK | |
r-release-linux-x86_64 | 0.5.1 | 2.07 | 35.10 | 37.17 | OK | |
r-release-macos-arm64 | 0.5.1 | 20.00 | OK | |||
r-release-macos-x86_64 | 0.5.1 | 42.00 | OK | |||
r-release-windows-x86_64 | 0.5.1 | 3.00 | 50.00 | 53.00 | OK | |
r-oldrel-macos-arm64 | 0.5.1 | 27.00 | OK | |||
r-oldrel-macos-x86_64 | 0.5.1 | 36.00 | OK | |||
r-oldrel-windows-x86_64 | 0.5.1 | 3.00 | 54.00 | 57.00 | OK |
Version: 0.5.1
Check: Rd cross-references
Result: NOTE
Undeclared package ‘Synth’ in Rd xrefs
Flavor: r-devel-linux-x86_64-fedora-clang