Last updated on 2025-11-03 17:49:57 CET.
| Flavor | Version | Tinstall | Tcheck | Ttotal | Status | Flags |
|---|---|---|---|---|---|---|
| r-devel-linux-x86_64-debian-clang | 0.0.1 | 57.93 | 124.09 | 182.02 | NOTE | |
| r-devel-linux-x86_64-debian-gcc | 0.0.1 | 43.15 | 87.66 | 130.81 | NOTE | |
| r-devel-linux-x86_64-fedora-clang | 0.0.1 | 113.00 | 172.04 | 285.04 | NOTE | |
| r-devel-linux-x86_64-fedora-gcc | 0.0.1 | 109.00 | 173.71 | 282.71 | NOTE | |
| r-devel-windows-x86_64 | 0.0.1 | 61.00 | 132.00 | 193.00 | NOTE | |
| r-patched-linux-x86_64 | 0.0.1 | 55.11 | 116.25 | 171.36 | NOTE | |
| r-release-linux-x86_64 | 0.0.1 | 58.19 | 117.53 | 175.72 | NOTE | |
| r-release-macos-arm64 | 0.0.1 | 23.00 | 53.00 | 76.00 | NOTE | |
| r-release-macos-x86_64 | 0.0.1 | 49.00 | 127.00 | 176.00 | NOTE | |
| r-release-windows-x86_64 | 0.0.1 | 59.00 | 135.00 | 194.00 | NOTE | |
| r-oldrel-macos-arm64 | 0.0.1 | 25.00 | 43.00 | 68.00 | NOTE | |
| r-oldrel-macos-x86_64 | 0.0.1 | 24.00 | 65.00 | 89.00 | NOTE | |
| r-oldrel-windows-x86_64 | 0.0.1 | 74.00 | 171.00 | 245.00 | NOTE |
Version: 0.0.1
Check: CRAN incoming feasibility
Result: NOTE
Maintainer: ‘Jared Huling <jaredhuling@gmail.com>’
Package CITATION file contains call(s) to old-style citEntry(). Please
use bibentry() instead.
Flavors: r-devel-linux-x86_64-debian-clang, r-devel-linux-x86_64-debian-gcc
Version: 0.0.1
Check: C++ specification
Result: NOTE
Specified C++11: please drop specification unless essential
Flavors: r-devel-linux-x86_64-debian-clang, r-devel-linux-x86_64-debian-gcc, r-devel-linux-x86_64-fedora-clang, r-devel-linux-x86_64-fedora-gcc, r-devel-windows-x86_64, r-patched-linux-x86_64, r-release-linux-x86_64, r-release-macos-arm64, r-release-macos-x86_64, r-release-windows-x86_64, r-oldrel-macos-arm64, r-oldrel-macos-x86_64, r-oldrel-windows-x86_64
Version: 0.0.1
Check: installed package size
Result: NOTE
installed size is 11.2Mb
sub-directories of 1Mb or more:
libs 10.9Mb
Flavors: r-oldrel-macos-arm64, r-oldrel-macos-x86_64
Version: 0.0.1
Check: LazyData
Result: NOTE
'LazyData' is specified without a 'data' directory
Flavors: r-oldrel-macos-arm64, r-oldrel-macos-x86_64, r-oldrel-windows-x86_64