CRAN Package Check Results for Package peruse

Last updated on 2025-05-17 06:51:15 CEST.

Flavor Version Tinstall Tcheck Ttotal Status Flags
r-devel-linux-x86_64-debian-clang 0.3.1 2.26 26.95 29.21 OK
r-devel-linux-x86_64-debian-gcc 0.3.1 1.78 21.59 23.37 OK
r-devel-linux-x86_64-fedora-clang 0.3.1 43.44 OK
r-devel-linux-x86_64-fedora-gcc 0.3.1 42.37 OK
r-devel-windows-x86_64 0.3.1 3.00 48.00 51.00 OK
r-patched-linux-x86_64 0.3.1 2.18 24.48 26.66 OK
r-release-linux-x86_64 0.3.1 2.12 24.62 26.74 OK
r-release-macos-arm64 0.3.1 19.00 OK
r-release-macos-x86_64 0.3.1 28.00 OK
r-release-windows-x86_64 0.3.1 4.00 48.00 52.00 OK
r-oldrel-macos-arm64 0.3.1 17.00 NOTE
r-oldrel-macos-x86_64 0.3.1 24.00 NOTE
r-oldrel-windows-x86_64 0.3.1 3.00 53.00 56.00 NOTE

Check Details

Version: 0.3.1
Check: LazyData
Result: NOTE 'LazyData' is specified without a 'data' directory Flavors: r-oldrel-macos-arm64, r-oldrel-macos-x86_64, r-oldrel-windows-x86_64

mirror server hosted at Truenetwork, Russian Federation.