CRAN Package Check Results for Package peruse

Last updated on 2025-11-22 05:48:43 CET.

Flavor Version Tinstall Tcheck Ttotal Status Flags
r-devel-linux-x86_64-debian-clang 0.3.1 2.06 28.92 30.98 OK
r-devel-linux-x86_64-debian-gcc 0.3.1 1.65 23.40 25.05 OK
r-devel-linux-x86_64-fedora-clang 0.3.1 44.81 OK
r-devel-linux-x86_64-fedora-gcc 0.3.1 40.91 OK
r-devel-windows-x86_64 0.3.1 5.00 50.00 55.00 OK
r-patched-linux-x86_64 0.3.1 2.32 26.28 28.60 OK
r-release-linux-x86_64 0.3.1 2.09 25.97 28.06 OK
r-release-macos-arm64 0.3.1 OK
r-release-macos-x86_64 0.3.1 2.00 26.00 28.00 OK
r-release-windows-x86_64 0.3.1 6.00 46.00 52.00 OK
r-oldrel-macos-arm64 0.3.1 NOTE
r-oldrel-macos-x86_64 0.3.1 2.00 22.00 24.00 NOTE
r-oldrel-windows-x86_64 0.3.1 4.00 51.00 55.00 NOTE

Check Details

Version: 0.3.1
Check: LazyData
Result: NOTE 'LazyData' is specified without a 'data' directory Flavors: r-oldrel-macos-arm64, r-oldrel-macos-x86_64, r-oldrel-windows-x86_64

mirror server hosted at Truenetwork, Russian Federation.