Last updated on 2025-07-13 00:48:34 CEST.
Flavor | Version | Tinstall | Tcheck | Ttotal | Status | Flags |
---|---|---|---|---|---|---|
r-devel-linux-x86_64-debian-clang | 1.2.9 | 13.48 | 116.89 | 130.37 | NOTE | |
r-devel-linux-x86_64-debian-gcc | 1.2.9 | 9.00 | 81.98 | 90.98 | NOTE | |
r-devel-linux-x86_64-fedora-clang | 1.2.9 | 197.51 | NOTE | |||
r-devel-linux-x86_64-fedora-gcc | 1.2.9 | 191.78 | NOTE | |||
r-devel-windows-x86_64 | 1.2.9 | 13.00 | 118.00 | 131.00 | NOTE | |
r-patched-linux-x86_64 | 1.2.9 | 11.27 | 113.03 | 124.30 | NOTE | |
r-release-linux-x86_64 | 1.2.9 | 11.87 | 112.10 | 123.97 | NOTE | |
r-release-macos-arm64 | 1.2.9 | 63.00 | NOTE | |||
r-release-macos-x86_64 | 1.2.9 | 121.00 | NOTE | |||
r-release-windows-x86_64 | 1.2.9 | 13.00 | 123.00 | 136.00 | NOTE | |
r-oldrel-macos-arm64 | 1.2.9 | 49.00 | NOTE | |||
r-oldrel-macos-x86_64 | 1.2.9 | 78.00 | NOTE | |||
r-oldrel-windows-x86_64 | 1.2.9 | 18.00 | 152.00 | 170.00 | NOTE |
Version: 1.2.9
Check: Rd files
Result: NOTE
checkRd: (-1) rosePlotsAct.Rd:19: Lost braces; missing escapes or markup?
19 | A \code{plotly} {htmlwidget} with rose plots for locomotor activity.
| ^
checkRd: (-1) rosePlotsSleep.Rd:19: Lost braces; missing escapes or markup?
19 | #' @return A \code{plotly} {htmlwidget} with rose plots for sleep data.
| ^
Flavors: r-devel-linux-x86_64-debian-clang, r-devel-linux-x86_64-debian-gcc, r-devel-linux-x86_64-fedora-clang, r-devel-linux-x86_64-fedora-gcc, r-devel-windows-x86_64, r-patched-linux-x86_64, r-release-linux-x86_64, r-release-macos-arm64, r-release-macos-x86_64, r-release-windows-x86_64, r-oldrel-macos-arm64, r-oldrel-macos-x86_64, r-oldrel-windows-x86_64