Last updated on 2025-11-03 23:50:26 CET.
| Flavor | Version | Tinstall | Tcheck | Ttotal | Status | Flags | 
|---|---|---|---|---|---|---|
| r-devel-linux-x86_64-debian-clang | 0.2 | 6.08 | 56.20 | 62.28 | NOTE | |
| r-devel-linux-x86_64-debian-gcc | 0.2 | 5.18 | 42.11 | 47.29 | NOTE | |
| r-devel-linux-x86_64-fedora-clang | 0.2 | 12.00 | 84.61 | 96.61 | OK | |
| r-devel-linux-x86_64-fedora-gcc | 0.2 | 12.00 | 79.73 | 91.73 | OK | |
| r-devel-windows-x86_64 | 0.2 | 8.00 | 64.00 | 72.00 | OK | |
| r-patched-linux-x86_64 | 0.2 | 6.01 | 53.67 | 59.68 | OK | |
| r-release-linux-x86_64 | 0.2 | 6.37 | 54.31 | 60.68 | OK | |
| r-release-macos-arm64 | 0.2 | 3.00 | 28.00 | 31.00 | OK | |
| r-release-macos-x86_64 | 0.2 | 6.00 | 51.00 | 57.00 | OK | |
| r-release-windows-x86_64 | 0.2 | 7.00 | 64.00 | 71.00 | OK | |
| r-oldrel-macos-arm64 | 0.2 | 3.00 | 27.00 | 30.00 | OK | |
| r-oldrel-macos-x86_64 | 0.2 | 5.00 | 38.00 | 43.00 | OK | |
| r-oldrel-windows-x86_64 | 0.2 | 9.00 | 87.00 | 96.00 | OK | 
Version: 0.2
Check: CRAN incoming feasibility
Result: NOTE
  Maintainer: ‘Jesse Hemerik <jesse.hemerik@wur.nl>’
  
  No Authors@R field in DESCRIPTION.
  Please add one, modifying
    Authors@R: c(person(given = "Jesse",
                        family = "Hemerik",
                        role = c("aut", "cre"),
                        email = "jesse.hemerik@wur.nl"),
                 person(given = "Livio",
                        family = "Finos",
                        role = "aut"))
  as necessary.
Flavors: r-devel-linux-x86_64-debian-clang, r-devel-linux-x86_64-debian-gcc