CRAN Package Check Results for Package phyclust

Last updated on 2025-11-03 05:50:50 CET.

Flavor Version Tinstall Tcheck Ttotal Status Flags
r-devel-linux-x86_64-debian-clang 0.1-34 42.26 73.92 116.18 NOTE
r-devel-linux-x86_64-debian-gcc 0.1-34 30.57 52.67 83.24 NOTE
r-devel-linux-x86_64-fedora-clang 0.1-34 73.00 88.41 161.41 NOTE
r-devel-linux-x86_64-fedora-gcc 0.1-34 99.00 87.16 186.16 NOTE
r-devel-windows-x86_64 0.1-34 72.00 115.00 187.00 NOTE
r-patched-linux-x86_64 0.1-34 43.86 69.50 113.36 NOTE
r-release-linux-x86_64 0.1-34 41.42 67.88 109.30 NOTE
r-release-macos-arm64 0.1-34 19.00 43.00 62.00 NOTE
r-release-macos-x86_64 0.1-34 26.00 77.00 103.00 NOTE
r-release-windows-x86_64 0.1-34 65.00 114.00 179.00 NOTE
r-oldrel-macos-arm64 0.1-34 18.00 37.00 55.00 NOTE
r-oldrel-macos-x86_64 0.1-34 20.00 61.00 81.00 NOTE
r-oldrel-windows-x86_64 0.1-34 83.00 134.00 217.00 NOTE

Check Details

Version: 0.1-34
Check: Rd files
Result: NOTE checkRd: (-1) 11_d.init.method.Rd:22-23: Lost braces in \itemize; meant \describe ? checkRd: (-1) 11_d.init.method.Rd:24-25: Lost braces in \itemize; meant \describe ? checkRd: (-1) 11_d.init.method.Rd:26-27: Lost braces in \itemize; meant \describe ? checkRd: (-1) 11_d.init.method.Rd:28-29: Lost braces in \itemize; meant \describe ? checkRd: (-1) 11_d.init.method.Rd:30-31: Lost braces in \itemize; meant \describe ? checkRd: (-1) 11_d.init.method.Rd:32: Lost braces in \itemize; meant \describe ? checkRd: (-1) 11_d.init.procedure.Rd:21-23: Lost braces in \itemize; meant \describe ? checkRd: (-1) 11_d.init.procedure.Rd:24-26: Lost braces in \itemize; meant \describe ? checkRd: (-1) 11_d.init.procedure.Rd:27-30: Lost braces in \itemize; meant \describe ? checkRd: (-1) 11_d.init.procedure.Rd:31-35: Lost braces in \itemize; meant \describe ? checkRd: (-1) as.star.tree.Rd:26: Lost braces in \itemize; meant \describe ? checkRd: (-1) as.star.tree.Rd:27: Lost braces in \itemize; meant \describe ? checkRd: (-1) as.star.tree.Rd:28: Lost braces in \itemize; meant \describe ? checkRd: (-1) as.star.tree.Rd:29: Lost braces in \itemize; meant \describe ? Flavors: r-devel-linux-x86_64-debian-clang, r-devel-linux-x86_64-debian-gcc, r-devel-linux-x86_64-fedora-clang, r-devel-linux-x86_64-fedora-gcc, r-devel-windows-x86_64, r-patched-linux-x86_64, r-release-linux-x86_64, r-release-macos-arm64, r-release-macos-x86_64, r-release-windows-x86_64, r-oldrel-macos-arm64, r-oldrel-macos-x86_64, r-oldrel-windows-x86_64

mirror server hosted at Truenetwork, Russian Federation.