Last updated on 2025-07-12 12:48:36 CEST.
Flavor | Version | Tinstall | Tcheck | Ttotal | Status | Flags |
---|---|---|---|---|---|---|
r-devel-linux-x86_64-debian-clang | 0.1.3 | 8.87 | 74.39 | 83.26 | OK | |
r-devel-linux-x86_64-debian-gcc | 0.1.3 | 6.21 | 54.61 | 60.82 | OK | |
r-devel-linux-x86_64-fedora-clang | 0.1.3 | 129.81 | OK | |||
r-devel-linux-x86_64-fedora-gcc | 0.1.3 | 131.19 | OK | |||
r-devel-windows-x86_64 | 0.1.3 | 9.00 | 90.00 | 99.00 | OK | |
r-patched-linux-x86_64 | 0.1.3 | 9.11 | 69.80 | 78.91 | OK | |
r-release-linux-x86_64 | 0.1.3 | 8.13 | 69.90 | 78.03 | OK | |
r-release-macos-arm64 | 0.1.3 | 100.00 | OK | |||
r-release-macos-x86_64 | 0.1.3 | 154.00 | OK | |||
r-release-windows-x86_64 | 0.1.3 | 9.00 | 94.00 | 103.00 | OK | |
r-oldrel-macos-arm64 | 0.1.3 | 44.00 | NOTE | |||
r-oldrel-macos-x86_64 | 0.1.3 | 63.00 | NOTE | |||
r-oldrel-windows-x86_64 | 0.1.3 | 12.00 | 108.00 | 120.00 | NOTE |
Version: 0.1.3
Check: LazyData
Result: NOTE
'LazyData' is specified without a 'data' directory
Flavors: r-oldrel-macos-arm64, r-oldrel-macos-x86_64, r-oldrel-windows-x86_64