Last updated on 2025-11-04 05:51:20 CET.
| Flavor | Version | Tinstall | Tcheck | Ttotal | Status | Flags | 
|---|---|---|---|---|---|---|
| r-devel-linux-x86_64-debian-clang | 1.3 | 1.97 | 24.03 | 26.00 | NOTE | |
| r-devel-linux-x86_64-debian-gcc | 1.3 | 1.79 | 20.04 | 21.83 | NOTE | |
| r-devel-linux-x86_64-fedora-clang | 1.3 | 37.82 | OK | |||
| r-devel-linux-x86_64-fedora-gcc | 1.3 | 36.15 | OK | |||
| r-devel-windows-x86_64 | 1.3 | 3.00 | 48.00 | 51.00 | OK | |
| r-patched-linux-x86_64 | 1.3 | 2.49 | 22.96 | 25.45 | OK | |
| r-release-linux-x86_64 | 1.3 | 2.29 | 22.87 | 25.16 | OK | |
| r-release-macos-arm64 | 1.3 | 2.00 | 29.00 | 31.00 | OK | |
| r-release-macos-x86_64 | 1.3 | 2.00 | 29.00 | 31.00 | OK | |
| r-release-windows-x86_64 | 1.3 | 3.00 | 48.00 | 51.00 | OK | |
| r-oldrel-macos-arm64 | 1.3 | 1.00 | 14.00 | 15.00 | OK | |
| r-oldrel-macos-x86_64 | 1.3 | 2.00 | 24.00 | 26.00 | OK | |
| r-oldrel-windows-x86_64 | 1.3 | 5.00 | 51.00 | 56.00 | OK | 
Version: 1.3
Check: CRAN incoming feasibility
Result: NOTE
  Maintainer: ‘Daniel Beer <dlbeer@gmail.com>’
  
  No Authors@R field in DESCRIPTION.
  Please add one, modifying
    Authors@R: c(person(given = "Daniel",
                        family = "Beer",
                        role = c("aut", "cre"),
                        email = "dlbeer@gmail.com"),
                 person(given = "Anusha",
                        family = "Beer",
                        role = "aut"))
  as necessary.
Flavors: r-devel-linux-x86_64-debian-clang, r-devel-linux-x86_64-debian-gcc