Last updated on 2025-11-24 11:50:15 CET.
| Flavor | Version | Tinstall | Tcheck | Ttotal | Status | Flags |
|---|---|---|---|---|---|---|
| r-devel-linux-x86_64-debian-clang | 0.1.0 | 1.64 | 27.24 | 28.88 | NOTE | |
| r-devel-linux-x86_64-debian-gcc | 0.1.0 | 1.36 | 21.60 | 22.96 | NOTE | |
| r-devel-linux-x86_64-fedora-clang | 0.1.0 | 44.17 | OK | |||
| r-devel-linux-x86_64-fedora-gcc | 0.1.0 | 55.73 | OK | |||
| r-devel-windows-x86_64 | 0.1.0 | 6.00 | 45.00 | 51.00 | OK | |
| r-patched-linux-x86_64 | 0.1.0 | 1.65 | 25.84 | 27.49 | OK | |
| r-release-linux-x86_64 | 0.1.0 | 1.59 | 26.00 | 27.59 | OK | |
| r-release-macos-arm64 | 0.1.0 | OK | ||||
| r-release-macos-x86_64 | 0.1.0 | 2.00 | 41.00 | 43.00 | OK | |
| r-release-windows-x86_64 | 0.1.0 | 5.00 | 46.00 | 51.00 | OK | |
| r-oldrel-macos-arm64 | 0.1.0 | OK | ||||
| r-oldrel-macos-x86_64 | 0.1.0 | 2.00 | 36.00 | 38.00 | OK | |
| r-oldrel-windows-x86_64 | 0.1.0 | 3.00 | 54.00 | 57.00 | OK |
Version: 0.1.0
Check: CRAN incoming feasibility
Result: NOTE
Maintainer: ‘Danilo Freire <danilofreire@gmail.com>’
Package CITATION file contains call(s) to old-style personList() or
as.personList(). Please use c() on person objects instead.
Package CITATION file contains call(s) to old-style citEntry(). Please
use bibentry() instead.
Flavors: r-devel-linux-x86_64-debian-clang, r-devel-linux-x86_64-debian-gcc