CRAN Package Check Results for Package piratings

Last updated on 2025-05-28 06:51:34 CEST.

Flavor Version Tinstall Tcheck Ttotal Status Flags
r-devel-linux-x86_64-debian-clang 0.1.9 1.74 57.23 58.97 NOTE
r-devel-linux-x86_64-debian-gcc 0.1.9 1.54 38.67 40.21 NOTE
r-devel-linux-x86_64-fedora-clang 0.1.9 94.69 NOTE
r-devel-linux-x86_64-fedora-gcc 0.1.9 106.11 NOTE
r-devel-windows-x86_64 0.1.9 5.00 71.00 76.00 OK
r-patched-linux-x86_64 0.1.9 2.00 53.73 55.73 OK
r-release-linux-x86_64 0.1.9 1.89 52.26 54.15 OK
r-release-macos-arm64 0.1.9 34.00 OK
r-release-macos-x86_64 0.1.9 65.00 OK
r-release-windows-x86_64 0.1.9 4.00 76.00 80.00 OK
r-oldrel-macos-arm64 0.1.9 33.00 OK
r-oldrel-macos-x86_64 0.1.9 54.00 OK
r-oldrel-windows-x86_64 0.1.9 4.00 85.00 89.00 OK

Check Details

Version: 0.1.9
Check: CRAN incoming feasibility
Result: NOTE Maintainer: ‘Lars Van Cutsem <lars.vancutsem@hotmail.com>’ No Authors@R field in DESCRIPTION. Please add one, modifying Authors@R: person(given = "Lars", family = "Van Cutsem", role = c("aut", "cre"), email = "lars.vancutsem@hotmail.com") as necessary. Flavors: r-devel-linux-x86_64-debian-clang, r-devel-linux-x86_64-debian-gcc

Version: 0.1.9
Check: dependencies in R code
Result: NOTE Namespace in Imports field not imported from: ‘ggplot2’ All declared Imports should be used. Flavors: r-devel-linux-x86_64-fedora-clang, r-devel-linux-x86_64-fedora-gcc

mirror server hosted at Truenetwork, Russian Federation.