CRAN Package Check Results for Package pkgfilecache

Last updated on 2025-11-24 11:50:15 CET.

Flavor Version Tinstall Tcheck Ttotal Status Flags
r-devel-linux-x86_64-debian-clang 0.1.5 1.75 27.58 29.33 OK
r-devel-linux-x86_64-debian-gcc 0.1.5 1.42 22.68 24.10 OK
r-devel-linux-x86_64-fedora-clang 0.1.5 44.69 NOTE
r-devel-linux-x86_64-fedora-gcc 0.1.5 54.77 NOTE
r-devel-windows-x86_64 0.1.5 4.00 53.00 57.00 OK
r-patched-linux-x86_64 0.1.5 2.14 25.97 28.11 OK
r-release-linux-x86_64 0.1.5 1.88 25.92 27.80 OK
r-release-macos-arm64 0.1.5 OK
r-release-macos-x86_64 0.1.5 2.00 42.00 44.00 OK
r-release-windows-x86_64 0.1.5 4.00 57.00 61.00 OK
r-oldrel-macos-arm64 0.1.5 OK
r-oldrel-macos-x86_64 0.1.5 2.00 33.00 35.00 OK
r-oldrel-windows-x86_64 0.1.5 4.00 58.00 62.00 OK

Check Details

Version: 0.1.5
Check: dependencies in R code
Result: NOTE Namespace in Imports field not imported from: ‘curl’ All declared Imports should be used. Flavors: r-devel-linux-x86_64-fedora-clang, r-devel-linux-x86_64-fedora-gcc

mirror server hosted at Truenetwork, Russian Federation.