CRAN Package Check Results for Package planningML

Last updated on 2025-10-17 06:50:01 CEST.

Flavor Version Tinstall Tcheck Ttotal Status Flags
r-devel-linux-x86_64-debian-clang 1.0.1 17.94 138.66 156.60 ERROR
r-devel-linux-x86_64-debian-gcc 1.0.1 13.71 96.72 110.43 ERROR
r-devel-linux-x86_64-fedora-clang 1.0.1 256.15 ERROR
r-devel-linux-x86_64-fedora-gcc 1.0.1 254.82 ERROR
r-devel-windows-x86_64 1.0.1 18.00 131.00 149.00 ERROR
r-patched-linux-x86_64 1.0.1 16.92 131.53 148.45 ERROR
r-release-linux-x86_64 1.0.1 16.54 130.21 146.75 ERROR
r-release-macos-arm64 1.0.1 164.00 OK
r-release-macos-x86_64 1.0.1 301.00 OK
r-release-windows-x86_64 1.0.1 19.00 127.00 146.00 ERROR
r-oldrel-macos-arm64 1.0.1 139.00 OK
r-oldrel-macos-x86_64 1.0.1 209.00 OK
r-oldrel-windows-x86_64 1.0.1 25.00 164.00 189.00 ERROR

Check Details

Version: 1.0.1
Check: re-building of vignette outputs
Result: ERROR Error(s) in re-building vignettes: ... --- re-building ‘User_manual_for_planningML.Rmd’ using rmarkdown Quitting from User_manual_for_planningML.Rmd:161-165 [unnamed-chunk-15] ~~~~~~~~~~~~~~~~~~~~~~~~~~~~~~~~~~~~~~~~~~~~~~~~~~~~~~~~~~~~~~~~~~~~~~~~~~~~~~~~ <error/rlang_error> Error in `auc()`: ! length(x) == length(unique(x)) is not TRUE --- Backtrace: ▆ 1. └─planningML::samplesize(...) 2. └─base::replicate(...) 3. └─base::sapply(...) 4. └─base::lapply(X = X, FUN = FUN, ...) 5. └─planningML (local) FUN(X[[i]], ...) 6. └─planningML (local) HCT.simulation(...) 7. └─MESS::auc(x = 1 - TNR.grid, y = TPR.grid, type = "spline") 8. └─base::stopifnot(length(x) == length(unique(x))) ~~~~~~~~~~~~~~~~~~~~~~~~~~~~~~~~~~~~~~~~~~~~~~~~~~~~~~~~~~~~~~~~~~~~~~~~~~~~~~~~ Error: processing vignette 'User_manual_for_planningML.Rmd' failed with diagnostics: length(x) == length(unique(x)) is not TRUE --- failed re-building ‘User_manual_for_planningML.Rmd’ SUMMARY: processing the following file failed: ‘User_manual_for_planningML.Rmd’ Error: Vignette re-building failed. Execution halted Flavors: r-devel-linux-x86_64-debian-clang, r-devel-linux-x86_64-debian-gcc, r-patched-linux-x86_64, r-release-linux-x86_64

Version: 1.0.1
Check: re-building of vignette outputs
Result: ERROR Error(s) in re-building vignettes: --- re-building ‘User_manual_for_planningML.Rmd’ using rmarkdown Quitting from User_manual_for_planningML.Rmd:161-165 [unnamed-chunk-15] ~~~~~~~~~~~~~~~~~~~~~~~~~~~~~~~~~~~~~~~~~~~~~~~~~~~~~~~~~~~~~~~~~~~~~~~~~~~~~~~~ <error/rlang_error> Error in `auc()`: ! length(x) == length(unique(x)) is not TRUE --- Backtrace: ▆ 1. └─planningML::samplesize(...) 2. └─base::replicate(...) 3. └─base::sapply(...) 4. └─base::lapply(X = X, FUN = FUN, ...) 5. └─planningML (local) FUN(X[[i]], ...) 6. └─planningML (local) HCT.simulation(...) 7. └─MESS::auc(x = 1 - TNR.grid, y = TPR.grid, type = "spline") 8. └─base::stopifnot(length(x) == length(unique(x))) ~~~~~~~~~~~~~~~~~~~~~~~~~~~~~~~~~~~~~~~~~~~~~~~~~~~~~~~~~~~~~~~~~~~~~~~~~~~~~~~~ Error: processing vignette 'User_manual_for_planningML.Rmd' failed with diagnostics: length(x) == length(unique(x)) is not TRUE --- failed re-building ‘User_manual_for_planningML.Rmd’ SUMMARY: processing the following file failed: ‘User_manual_for_planningML.Rmd’ Error: Vignette re-building failed. Execution halted Flavors: r-devel-linux-x86_64-fedora-clang, r-devel-linux-x86_64-fedora-gcc, r-devel-windows-x86_64, r-release-windows-x86_64, r-oldrel-windows-x86_64

mirror server hosted at Truenetwork, Russian Federation.