Last updated on 2025-11-03 05:50:50 CET.
| Flavor | Version | Tinstall | Tcheck | Ttotal | Status | Flags |
|---|---|---|---|---|---|---|
| r-devel-linux-x86_64-debian-clang | 0.3.4 | 9.01 | 131.83 | 140.84 | NOTE | |
| r-devel-linux-x86_64-debian-gcc | 0.3.4 | 5.96 | 95.56 | 101.52 | NOTE | |
| r-devel-linux-x86_64-fedora-clang | 0.3.4 | 21.00 | 189.03 | 210.03 | NOTE | |
| r-devel-linux-x86_64-fedora-gcc | 0.3.4 | 19.00 | 200.69 | 219.69 | NOTE | |
| r-devel-windows-x86_64 | 0.3.4 | 13.00 | 175.00 | 188.00 | NOTE | |
| r-patched-linux-x86_64 | 0.3.4 | 10.74 | 126.60 | 137.34 | NOTE | |
| r-release-linux-x86_64 | 0.3.4 | 7.04 | 126.82 | 133.86 | NOTE | |
| r-release-macos-arm64 | 0.3.4 | 3.00 | 74.00 | 77.00 | NOTE | |
| r-release-macos-x86_64 | 0.3.4 | 9.00 | 155.00 | 164.00 | NOTE | |
| r-release-windows-x86_64 | 0.3.4 | 12.00 | 172.00 | 184.00 | NOTE | |
| r-oldrel-macos-arm64 | 0.3.4 | 3.00 | 70.00 | 73.00 | NOTE | |
| r-oldrel-macos-x86_64 | 0.3.4 | 5.00 | 100.00 | 105.00 | NOTE | |
| r-oldrel-windows-x86_64 | 0.3.4 | 15.00 | 204.00 | 219.00 | NOTE |
Version: 0.3.4
Check: Rd files
Result: NOTE
checkRd: (-1) check_hwe.Rd:103: Lost braces; missing escapes or markup?
103 | {'ALL', 'AFF', 'UNAFF', 'ALL(QT)', 'ALL(NP)'}), A1 (Allele 1; usually minor),
| ^
Flavors: r-devel-linux-x86_64-debian-clang, r-devel-linux-x86_64-debian-gcc, r-devel-linux-x86_64-fedora-clang, r-devel-linux-x86_64-fedora-gcc, r-devel-windows-x86_64, r-patched-linux-x86_64, r-release-linux-x86_64, r-release-macos-arm64, r-release-macos-x86_64, r-release-windows-x86_64, r-oldrel-macos-arm64, r-oldrel-macos-x86_64, r-oldrel-windows-x86_64