CRAN Package Check Results for Package plotGMM

Last updated on 2025-11-03 11:49:49 CET.

Flavor Version Tinstall Tcheck Ttotal Status Flags
r-devel-linux-x86_64-debian-clang 0.2.2 1.78 45.53 47.31 OK
r-devel-linux-x86_64-debian-gcc 0.2.2 1.39 32.58 33.97 OK
r-devel-linux-x86_64-fedora-clang 0.2.2 69.10 OK
r-devel-linux-x86_64-fedora-gcc 0.2.2 68.31 OK
r-devel-windows-x86_64 0.2.2 4.00 64.00 68.00 OK
r-patched-linux-x86_64 0.2.2 1.79 41.78 43.57 OK
r-release-linux-x86_64 0.2.2 1.71 42.41 44.12 OK
r-release-macos-arm64 0.2.2 1.00 23.00 24.00 OK
r-release-macos-x86_64 0.2.2 2.00 34.00 36.00 OK
r-release-windows-x86_64 0.2.2 3.00 63.00 66.00 OK
r-oldrel-macos-arm64 0.2.2 1.00 24.00 25.00 NOTE
r-oldrel-macos-x86_64 0.2.2 1.00 30.00 31.00 NOTE
r-oldrel-windows-x86_64 0.2.2 4.00 76.00 80.00 NOTE

Check Details

Version: 0.2.2
Check: LazyData
Result: NOTE 'LazyData' is specified without a 'data' directory Flavors: r-oldrel-macos-arm64, r-oldrel-macos-x86_64, r-oldrel-windows-x86_64

mirror server hosted at Truenetwork, Russian Federation.