CRAN Package Check Results for Package plotlyGeoAssets

Last updated on 2025-05-08 18:51:39 CEST.

Flavor Version Tinstall Tcheck Ttotal Status Flags
r-devel-linux-x86_64-debian-clang 0.0.2 1.88 16.88 18.76 OK
r-devel-linux-x86_64-debian-gcc 0.0.2 1.34 14.02 15.36 OK
r-devel-linux-x86_64-fedora-clang 0.0.2 28.80 OK
r-devel-linux-x86_64-fedora-gcc 0.0.2 27.29 OK
r-devel-windows-x86_64 0.0.2 5.00 38.00 43.00 OK
r-patched-linux-x86_64 0.0.2 1.59 16.14 17.73 OK
r-release-linux-x86_64 0.0.2 1.77 16.11 17.88 OK
r-release-macos-arm64 0.0.2 15.00 OK
r-release-macos-x86_64 0.0.2 23.00 OK
r-release-windows-x86_64 0.0.2 5.00 42.00 47.00 OK
r-oldrel-macos-arm64 0.0.2 19.00 NOTE
r-oldrel-macos-x86_64 0.0.2 19.00 NOTE
r-oldrel-windows-x86_64 0.0.2 6.00 42.00 48.00 NOTE

Check Details

Version: 0.0.2
Check: LazyData
Result: NOTE 'LazyData' is specified without a 'data' directory Flavors: r-oldrel-macos-arm64, r-oldrel-macos-x86_64, r-oldrel-windows-x86_64

mirror server hosted at Truenetwork, Russian Federation.