Last updated on 2025-11-03 17:49:58 CET.
| Flavor | Version | Tinstall | Tcheck | Ttotal | Status | Flags |
|---|---|---|---|---|---|---|
| r-devel-linux-x86_64-debian-clang | 3.6.4 | 10.96 | 70.59 | 81.55 | NOTE | |
| r-devel-linux-x86_64-debian-gcc | 3.6.4 | 7.56 | 49.50 | 57.06 | NOTE | |
| r-devel-linux-x86_64-fedora-clang | 3.6.4 | 22.00 | 103.73 | 125.73 | NOTE | |
| r-devel-linux-x86_64-fedora-gcc | 3.6.4 | 24.00 | 94.70 | 118.70 | NOTE | |
| r-devel-windows-x86_64 | 3.6.4 | 12.00 | 75.00 | 87.00 | NOTE | |
| r-patched-linux-x86_64 | 3.6.4 | 12.19 | 66.99 | 79.18 | OK | |
| r-release-linux-x86_64 | 3.6.4 | 11.38 | 64.66 | 76.04 | OK | |
| r-release-macos-arm64 | 3.6.4 | 5.00 | 29.00 | 34.00 | OK | |
| r-release-macos-x86_64 | 3.6.4 | 10.00 | 52.00 | 62.00 | OK | |
| r-release-windows-x86_64 | 3.6.4 | 12.00 | 77.00 | 89.00 | OK | |
| r-oldrel-macos-arm64 | 3.6.4 | 5.00 | 31.00 | 36.00 | OK | |
| r-oldrel-macos-x86_64 | 3.6.4 | 17.00 | 84.00 | 101.00 | OK | |
| r-oldrel-windows-x86_64 | 3.6.4 | 15.00 | 96.00 | 111.00 | OK |
Version: 3.6.4
Check: Rd files
Result: NOTE
checkRd: (-1) plotmo.Rd:409-452: Only 2 columns allowed in this table (row 1 has 1)
Flavors: r-devel-linux-x86_64-debian-clang, r-devel-linux-x86_64-debian-gcc, r-devel-linux-x86_64-fedora-clang, r-devel-linux-x86_64-fedora-gcc, r-devel-windows-x86_64