CRAN Package Check Results for Package plotwidgets

Last updated on 2025-11-03 17:49:58 CET.

Flavor Version Tinstall Tcheck Ttotal Status Flags
r-devel-linux-x86_64-debian-clang 0.5.1 2.25 24.57 26.82 NOTE
r-devel-linux-x86_64-debian-gcc 0.5.1 1.83 19.59 21.42 NOTE
r-devel-linux-x86_64-fedora-clang 0.5.1 39.58 OK
r-devel-linux-x86_64-fedora-gcc 0.5.1 37.69 OK
r-devel-windows-x86_64 0.5.1 4.00 42.00 46.00 OK
r-patched-linux-x86_64 0.5.1 2.40 22.83 25.23 OK
r-release-linux-x86_64 0.5.1 2.27 23.13 25.40 OK
r-release-macos-arm64 0.5.1 1.00 16.00 17.00 OK
r-release-macos-x86_64 0.5.1 2.00 27.00 29.00 OK
r-release-windows-x86_64 0.5.1 4.00 42.00 46.00 OK
r-oldrel-macos-arm64 0.5.1 1.00 21.00 22.00 OK
r-oldrel-macos-x86_64 0.5.1 2.00 22.00 24.00 OK
r-oldrel-windows-x86_64 0.5.1 6.00 51.00 57.00 OK

Check Details

Version: 0.5.1
Check: CRAN incoming feasibility
Result: NOTE Maintainer: ‘January Weiner <january.weiner@gmail.com>’ No Authors@R field in DESCRIPTION. Please add one, modifying Authors@R: person(given = "January", family = "Weiner", role = c("aut", "cre"), email = "january.weiner@gmail.com") as necessary. Flavors: r-devel-linux-x86_64-debian-clang, r-devel-linux-x86_64-debian-gcc

mirror server hosted at Truenetwork, Russian Federation.