CRAN Package Check Results for Package polimetrics

Last updated on 2025-11-24 11:50:15 CET.

Flavor Version Tinstall Tcheck Ttotal Status Flags
r-devel-linux-x86_64-debian-clang 1.2.1.14 3.93 36.54 40.47 OK
r-devel-linux-x86_64-debian-gcc 1.2.1.14 3.04 27.49 30.53 OK
r-devel-linux-x86_64-fedora-clang 1.2.1.14 10.00 52.41 62.41 NOTE
r-devel-linux-x86_64-fedora-gcc 1.2.1.14 20.00 42.80 62.80 NOTE
r-devel-windows-x86_64 1.2.1.14 8.00 51.00 59.00 NOTE
r-patched-linux-x86_64 1.2.1.14 4.55 34.05 38.60 OK
r-release-linux-x86_64 1.2.1.14 4.19 34.08 38.27 OK
r-release-macos-arm64 1.2.1.14 OK
r-release-macos-x86_64 1.2.1.14 3.00 31.00 34.00 OK
r-release-windows-x86_64 1.2.1.14 9.00 52.00 61.00 OK
r-oldrel-macos-arm64 1.2.1.14 OK
r-oldrel-macos-x86_64 1.2.1.14 3.00 30.00 33.00 OK
r-oldrel-windows-x86_64 1.2.1.14 8.00 61.00 69.00 OK

Check Details

Version: 1.2.1.14
Check: dependencies in R code
Result: NOTE Namespaces in Imports field not imported from: ‘MASS’ ‘car’ ‘formula.tools’ ‘ggplot2’ ‘gplots’ ‘graphics’ ‘purrr’ ‘rstatix’ ‘stringr’ ‘tidyverse’ All declared Imports should be used. Flavors: r-devel-linux-x86_64-fedora-clang, r-devel-linux-x86_64-fedora-gcc

Version: 1.2.1.14
Check: Rd files
Result: NOTE checkRd: (-1) Ideology.Rd:9-14: Only 2 columns allowed in this table (row 1 has 1) checkRd: (-1) Ideology_ERA.Rd:9-16: Only 2 columns allowed in this table (row 1 has 1) checkRd: (-1) State_Neighbors.Rd:9-12: Only 2 columns allowed in this table (row 1 has 1) checkRd: (-1) US_Counties.Rd:9-18: Only 2 columns allowed in this table (row 1 has 1) checkRd: (-1) US_States.Rd:9-15: Only 2 columns allowed in this table (row 1 has 1) Flavor: r-devel-windows-x86_64

mirror server hosted at Truenetwork, Russian Federation.