Last updated on 2025-05-16 12:49:46 CEST.
Flavor | Version | Tinstall | Tcheck | Ttotal | Status | Flags |
---|---|---|---|---|---|---|
r-devel-linux-x86_64-debian-clang | 0.1.6 | 5.73 | 63.79 | 69.52 | NOTE | |
r-devel-linux-x86_64-debian-gcc | 0.1.6 | 4.36 | 46.75 | 51.11 | NOTE | |
r-devel-linux-x86_64-fedora-clang | 0.1.6 | 108.39 | OK | |||
r-devel-linux-x86_64-fedora-gcc | 0.1.6 | 125.87 | OK | |||
r-devel-windows-x86_64 | 0.1.6 | 7.00 | 81.00 | 88.00 | OK | |
r-patched-linux-x86_64 | 0.1.6 | 5.64 | 58.75 | 64.39 | OK | |
r-release-linux-x86_64 | 0.1.6 | 5.85 | 58.78 | 64.63 | OK | |
r-release-macos-arm64 | 0.1.6 | 44.00 | OK | |||
r-release-macos-x86_64 | 0.1.6 | 72.00 | OK | |||
r-release-windows-x86_64 | 0.1.6 | 7.00 | 81.00 | 88.00 | OK | |
r-oldrel-macos-arm64 | 0.1.6 | 41.00 | OK | |||
r-oldrel-macos-x86_64 | 0.1.6 | 67.00 | OK | |||
r-oldrel-windows-x86_64 | 0.1.6 | 10.00 | 94.00 | 104.00 | OK |
Version: 0.1.6
Check: CRAN incoming feasibility
Result: NOTE
Maintainer: ‘John D. Johnson <john.d.johnson@marquette.edu>’
No Authors@R field in DESCRIPTION.
Please add one, modifying
Authors@R: person(given = c("John", "D."),
family = "Johnson",
role = c("aut", "cre"),
email = "john.d.johnson@marquette.edu")
as necessary.
Flavors: r-devel-linux-x86_64-debian-clang, r-devel-linux-x86_64-debian-gcc