CRAN Package Check Results for Package polynom

Last updated on 2025-11-03 17:49:58 CET.

Flavor Version Tinstall Tcheck Ttotal Status Flags
r-devel-linux-x86_64-debian-clang 1.4-1 2.42 36.13 38.55 NOTE
r-devel-linux-x86_64-debian-gcc 1.4-1 1.78 28.91 30.69 NOTE
r-devel-linux-x86_64-fedora-clang 1.4-1 55.30 OK
r-devel-linux-x86_64-fedora-gcc 1.4-1 66.27 OK
r-devel-windows-x86_64 1.4-1 5.00 51.00 56.00 OK
r-patched-linux-x86_64 1.4-1 2.69 34.87 37.56 OK
r-release-linux-x86_64 1.4-1 2.32 35.02 37.34 OK
r-release-macos-arm64 1.4-1 1.00 27.00 28.00 OK
r-release-macos-x86_64 1.4-1 2.00 40.00 42.00 OK
r-release-windows-x86_64 1.4-1 6.00 48.00 54.00 OK
r-oldrel-macos-arm64 1.4-1 1.00 35.00 36.00 OK
r-oldrel-macos-x86_64 1.4-1 2.00 32.00 34.00 OK
r-oldrel-windows-x86_64 1.4-1 4.00 57.00 61.00 OK

Check Details

Version: 1.4-1
Check: CRAN incoming feasibility
Result: NOTE Maintainer: ‘Bill Venables <Bill.Venables@gmail.com>’ Package CITATION file contains call(s) to old-style citEntry(). Please use bibentry() instead. Flavors: r-devel-linux-x86_64-debian-clang, r-devel-linux-x86_64-debian-gcc

mirror server hosted at Truenetwork, Russian Federation.