Last updated on 2025-11-02 17:49:47 CET.
| Flavor | Version | Tinstall | Tcheck | Ttotal | Status | Flags |
|---|---|---|---|---|---|---|
| r-devel-linux-x86_64-debian-clang | 1.2.5 | 44.01 | 396.21 | 440.22 | OK | |
| r-devel-linux-x86_64-debian-gcc | 1.2.5 | 37.18 | 229.17 | 266.35 | OK | |
| r-devel-linux-x86_64-fedora-clang | 1.2.5 | 65.00 | 653.83 | 718.83 | OK | |
| r-devel-linux-x86_64-fedora-gcc | 1.2.5 | 105.00 | 640.53 | 745.53 | OK | |
| r-devel-windows-x86_64 | 1.2.5 | 58.00 | 382.00 | 440.00 | OK | |
| r-patched-linux-x86_64 | 1.2.5 | 55.32 | 376.35 | 431.67 | OK | |
| r-release-linux-x86_64 | 1.2.5 | 53.06 | 368.96 | 422.02 | OK | |
| r-release-macos-arm64 | 1.2.5 | 22.00 | 159.00 | 181.00 | OK | |
| r-release-macos-x86_64 | 1.2.5 | 28.00 | 364.00 | 392.00 | OK | |
| r-release-windows-x86_64 | 1.2.5 | 59.00 | 364.00 | 423.00 | OK | |
| r-oldrel-macos-arm64 | 1.2.5 | 21.00 | 157.00 | 178.00 | NOTE | |
| r-oldrel-macos-x86_64 | 1.2.5 | 36.00 | 342.00 | 378.00 | OK | |
| r-oldrel-windows-x86_64 | 1.2.5 | 69.00 | 511.00 | 580.00 | OK |
Version: 1.2.5
Check: installed package size
Result: NOTE
installed size is 5.3Mb
sub-directories of 1Mb or more:
libs 3.6Mb
Flavor: r-oldrel-macos-arm64