Last updated on 2025-02-22 17:49:54 CET.
Flavor | Version | Tinstall | Tcheck | Ttotal | Status | Flags |
---|---|---|---|---|---|---|
r-devel-linux-x86_64-debian-clang | 1.0.0 | 10.48 | 77.83 | 88.31 | OK | |
r-devel-linux-x86_64-debian-gcc | 1.0.0 | 5.31 | 56.08 | 61.39 | OK | |
r-devel-linux-x86_64-fedora-clang | 1.0.0 | 136.76 | OK | |||
r-devel-linux-x86_64-fedora-gcc | 1.0.0 | 126.26 | OK | |||
r-devel-macos-arm64 | 1.0.0 | 41.00 | OK | |||
r-devel-macos-x86_64 | 1.0.0 | 71.00 | OK | |||
r-devel-windows-x86_64 | 1.0.0 | 10.00 | 85.00 | 95.00 | OK | |
r-patched-linux-x86_64 | 1.0.0 | 9.86 | 72.44 | 82.30 | NOTE | |
r-release-linux-x86_64 | 1.0.0 | 8.22 | 72.28 | 80.50 | NOTE | |
r-release-macos-arm64 | 1.0.0 | 41.00 | NOTE | |||
r-release-macos-x86_64 | 1.0.0 | 69.00 | NOTE | |||
r-release-windows-x86_64 | 1.0.0 | 10.00 | 82.00 | 92.00 | NOTE | |
r-oldrel-macos-arm64 | 1.0.0 | 43.00 | NOTE | |||
r-oldrel-macos-x86_64 | 1.0.0 | 66.00 | NOTE | |||
r-oldrel-windows-x86_64 | 1.0.0 | 14.00 | 102.00 | 116.00 | NOTE |
Version: 1.0.0
Check: LazyData
Result: NOTE
'LazyData' is specified without a 'data' directory
Flavors: r-patched-linux-x86_64, r-release-linux-x86_64, r-release-macos-arm64, r-release-macos-x86_64, r-release-windows-x86_64, r-oldrel-macos-arm64, r-oldrel-macos-x86_64, r-oldrel-windows-x86_64