CRAN Package Check Results for Package pop

Last updated on 2025-05-28 12:49:42 CEST.

Flavor Version Tinstall Tcheck Ttotal Status Flags
r-devel-linux-x86_64-debian-clang 0.1 3.80 40.12 43.92 NOTE
r-devel-linux-x86_64-debian-gcc 0.1 2.92 28.80 31.72 NOTE
r-devel-linux-x86_64-fedora-clang 0.1 69.23 OK
r-devel-linux-x86_64-fedora-gcc 0.1 66.08 OK
r-devel-windows-x86_64 0.1 5.00 58.00 63.00 OK
r-patched-linux-x86_64 0.1 3.95 39.00 42.95 OK
r-release-linux-x86_64 0.1 3.66 39.08 42.74 OK
r-release-macos-arm64 0.1 27.00 OK
r-release-macos-x86_64 0.1 43.00 OK
r-release-windows-x86_64 0.1 6.00 59.00 65.00 OK
r-oldrel-macos-arm64 0.1 23.00 NOTE
r-oldrel-macos-x86_64 0.1 33.00 NOTE
r-oldrel-windows-x86_64 0.1 7.00 73.00 80.00 NOTE

Check Details

Version: 0.1
Check: CRAN incoming feasibility
Result: NOTE Maintainer: ‘Nick Golding <nick.golding.research@gmail.com>’ No Authors@R field in DESCRIPTION. Please add one, modifying Authors@R: person(given = "Nick", family = "Golding", role = c("aut", "cre"), email = "nick.golding.research@gmail.com") as necessary. Flavors: r-devel-linux-x86_64-debian-clang, r-devel-linux-x86_64-debian-gcc

Version: 0.1
Check: LazyData
Result: NOTE 'LazyData' is specified without a 'data' directory Flavors: r-oldrel-macos-arm64, r-oldrel-macos-x86_64, r-oldrel-windows-x86_64

mirror server hosted at Truenetwork, Russian Federation.