Last updated on 2024-06-27 00:56:11 CEST.
Flavor | Version | Tinstall | Tcheck | Ttotal | Status | Flags |
---|---|---|---|---|---|---|
r-devel-linux-x86_64-debian-clang | 2.9.6 | OK | ||||
r-devel-linux-x86_64-debian-gcc | 2.9.6 | 30.76 | 198.39 | 229.15 | OK | |
r-devel-linux-x86_64-fedora-clang | 2.9.6 | 377.32 | OK | |||
r-devel-linux-x86_64-fedora-gcc | 2.9.6 | 370.42 | OK | |||
r-devel-windows-x86_64 | 2.9.6 | 36.00 | 241.00 | 277.00 | OK | |
r-patched-linux-x86_64 | 2.9.6 | 43.51 | 258.13 | 301.64 | OK | |
r-release-linux-x86_64 | 2.9.6 | 33.43 | 250.99 | 284.42 | OK | |
r-release-macos-arm64 | 2.9.6 | 97.00 | OK | |||
r-release-macos-x86_64 | 2.9.6 | 155.00 | WARN | |||
r-release-windows-x86_64 | 2.9.6 | 38.00 | 245.00 | 283.00 | OK | |
r-oldrel-macos-arm64 | 2.9.6 | 110.00 | OK | |||
r-oldrel-macos-x86_64 | 2.9.6 | 215.00 | OK | |||
r-oldrel-windows-x86_64 | 2.9.6 | 46.00 | 301.00 | 347.00 | OK |
Version: 2.9.6
Check: re-building of vignette outputs
Result: WARN
Error(s) in re-building vignettes:
...
--- re-building ‘algo.Rnw’ using knitr
Error: processing vignette 'algo.Rnw' failed with diagnostics:
Running 'texi2dvi' on 'algo.tex' failed.
LaTeX errors:
! Undefined control sequence.
l.548 \hlkwd{library}\hldef
{(}\hlsng{"poppr"}\hldef{)}
?
! Emergency stop.
! Emergency stop.
l.548
End of file on the terminal!
! ==> Fatal error occurred, no output PDF file produced!
--- failed re-building ‘algo.Rnw’
SUMMARY: processing the following file failed:
‘algo.Rnw’
Error: Vignette re-building failed.
Execution halted
Flavor: r-release-macos-x86_64