CRAN Package Check Results for Package ppsr

Last updated on 2025-02-22 11:51:38 CET.

Flavor Version Tinstall Tcheck Ttotal Status Flags
r-devel-linux-x86_64-debian-clang 0.0.5 1.94 29.70 31.64 OK
r-devel-linux-x86_64-debian-gcc 0.0.5 1.70 22.75 24.45 OK
r-devel-linux-x86_64-fedora-clang 0.0.5 52.21 NOTE
r-devel-linux-x86_64-fedora-gcc 0.0.5 47.36 NOTE
r-devel-macos-arm64 0.0.5 21.00 OK
r-devel-macos-x86_64 0.0.5 33.00 OK
r-devel-windows-x86_64 0.0.5 4.00 50.00 54.00 OK
r-patched-linux-x86_64 0.0.5 2.48 28.64 31.12 OK
r-release-linux-x86_64 0.0.5 1.93 28.36 30.29 OK
r-release-macos-arm64 0.0.5 21.00 OK
r-release-macos-x86_64 0.0.5 29.00 OK
r-release-windows-x86_64 0.0.5 3.00 50.00 53.00 OK
r-oldrel-macos-arm64 0.0.5 24.00 OK
r-oldrel-macos-x86_64 0.0.5 36.00 OK
r-oldrel-windows-x86_64 0.0.5 4.00 57.00 61.00 OK

Check Details

Version: 0.0.5
Check: dependencies in R code
Result: NOTE Namespaces in Imports field not imported from: ‘rpart’ ‘withr’ All declared Imports should be used. Flavors: r-devel-linux-x86_64-fedora-clang, r-devel-linux-x86_64-fedora-gcc

mirror server hosted at Truenetwork, Russian Federation.