CRAN Package Check Results for Package praatpicture

Last updated on 2025-07-12 18:49:48 CEST.

Flavor Version Tinstall Tcheck Ttotal Status Flags
r-devel-linux-x86_64-debian-clang 1.4.3 6.48 83.79 90.27 OK
r-devel-linux-x86_64-debian-gcc 1.4.3 6.71 60.25 66.96 OK
r-devel-linux-x86_64-fedora-clang 1.4.3 148.43 NOTE
r-devel-linux-x86_64-fedora-gcc 1.5.0 76.12 NOTE
r-devel-windows-x86_64 1.4.3 10.00 101.00 111.00 OK
r-patched-linux-x86_64 1.4.3 9.46 78.71 88.17 OK
r-release-linux-x86_64 1.4.3 7.59 78.60 86.19 OK
r-release-macos-arm64 1.4.3 44.00 OK
r-release-macos-x86_64 1.4.3 79.00 OK
r-release-windows-x86_64 1.5.0 10.00 75.00 85.00 OK
r-oldrel-macos-arm64 1.4.3 54.00 OK
r-oldrel-macos-x86_64 1.4.3 86.00 OK
r-oldrel-windows-x86_64 1.4.3 14.00 122.00 136.00 OK

Check Details

Version: 1.4.3
Check: dependencies in R code
Result: NOTE Namespaces in Imports field not imported from: ‘bslib’ ‘shinyjs’ All declared Imports should be used. Flavor: r-devel-linux-x86_64-fedora-clang

Version: 1.5.0
Check: dependencies in R code
Result: NOTE Namespaces in Imports field not imported from: ‘bslib’ ‘shinyjs’ All declared Imports should be used. Flavor: r-devel-linux-x86_64-fedora-gcc

mirror server hosted at Truenetwork, Russian Federation.