Last updated on 2024-06-30 00:59:22 CEST.
Flavor | Version | Tinstall | Tcheck | Ttotal | Status | Flags |
---|---|---|---|---|---|---|
r-devel-linux-x86_64-debian-clang | 1.3 | 23.99 | 31.08 | 55.07 | OK | |
r-devel-linux-x86_64-debian-gcc | 1.3 | 17.19 | 24.59 | 41.78 | OK | |
r-devel-linux-x86_64-fedora-clang | 1.3 | 75.36 | NOTE | |||
r-devel-linux-x86_64-fedora-gcc | 1.3 | 75.43 | NOTE | |||
r-devel-windows-x86_64 | 1.3 | 21.00 | 61.00 | 82.00 | OK | |
r-patched-linux-x86_64 | 1.3 | 19.96 | 30.76 | 50.72 | OK | |
r-release-linux-x86_64 | 1.3 | 21.70 | 30.66 | 52.36 | OK | |
r-release-macos-arm64 | 1.3 | 24.00 | OK | |||
r-release-macos-x86_64 | 1.3 | 39.00 | OK | |||
r-release-windows-x86_64 | 1.3 | 20.00 | 59.00 | 79.00 | OK | |
r-oldrel-macos-arm64 | 1.3 | 25.00 | OK | |||
r-oldrel-macos-x86_64 | 1.3 | 39.00 | OK | |||
r-oldrel-windows-x86_64 | 1.3 | 21.00 | 70.00 | 91.00 | OK |
Version: 1.3
Check: compiled code
Result: NOTE
File ‘prclust/libs/prclust.so’:
Found no calls to: ‘R_registerRoutines’, ‘R_useDynamicSymbols’
It is good practice to register native routines and to disable symbol
search.
See ‘Writing portable packages’ in the ‘Writing R Extensions’ manual.
Flavors: r-devel-linux-x86_64-fedora-clang, r-devel-linux-x86_64-fedora-gcc