Last updated on 2025-11-03 11:49:49 CET.
| Flavor | Version | Tinstall | Tcheck | Ttotal | Status | Flags |
|---|---|---|---|---|---|---|
| r-devel-linux-x86_64-debian-clang | 0.2.1 | 7.06 | 67.56 | 74.62 | OK | |
| r-devel-linux-x86_64-debian-gcc | 0.2.1 | 4.70 | 49.15 | 53.85 | OK | |
| r-devel-linux-x86_64-fedora-clang | 0.2.1 | 18.00 | 92.22 | 110.22 | NOTE | |
| r-devel-linux-x86_64-fedora-gcc | 0.2.1 | 14.00 | 103.87 | 117.87 | NOTE | |
| r-devel-windows-x86_64 | 0.2.1 | 7.00 | 75.00 | 82.00 | OK | |
| r-patched-linux-x86_64 | 0.2.1 | 6.21 | 62.21 | 68.42 | OK | |
| r-release-linux-x86_64 | 0.2.1 | 5.37 | 62.03 | 67.40 | OK | |
| r-release-macos-arm64 | 0.2.1 | 2.00 | 31.00 | 33.00 | OK | |
| r-release-macos-x86_64 | 0.2.1 | 4.00 | 58.00 | 62.00 | OK | |
| r-release-windows-x86_64 | 0.2.1 | 7.00 | 80.00 | 87.00 | OK | |
| r-oldrel-macos-arm64 | 0.2.1 | 3.00 | 31.00 | 34.00 | OK | |
| r-oldrel-macos-x86_64 | 0.2.1 | 4.00 | 44.00 | 48.00 | OK | |
| r-oldrel-windows-x86_64 | 0.2.1 | 11.00 | 94.00 | 105.00 | OK |
Version: 0.2.1
Check: dependencies in R code
Result: NOTE
Namespaces in Imports field not imported from:
‘class’ ‘forcats’ ‘irr’ ‘lpSolve’ ‘purrr’
All declared Imports should be used.
Flavors: r-devel-linux-x86_64-fedora-clang, r-devel-linux-x86_64-fedora-gcc