CRAN Package Check Results for Package predtools

Last updated on 2025-11-24 05:50:33 CET.

Flavor Version Tinstall Tcheck Ttotal Status Flags
r-devel-linux-x86_64-debian-clang 0.0.3 15.13 87.57 102.70 NOTE
r-devel-linux-x86_64-debian-gcc 0.0.3 10.06 62.00 72.06 NOTE
r-devel-linux-x86_64-fedora-clang 0.0.3 41.00 120.79 161.79 NOTE
r-devel-linux-x86_64-fedora-gcc 0.0.3 31.00 134.42 165.42 NOTE
r-devel-windows-x86_64 0.0.3 26.00 104.00 130.00 NOTE
r-patched-linux-x86_64 0.0.3 13.90 79.73 93.63 NOTE
r-release-linux-x86_64 0.0.3 15.59 79.82 95.41 NOTE
r-release-macos-arm64 0.0.3 NOTE
r-release-macos-x86_64 0.0.3 11.00 71.00 82.00 NOTE
r-release-windows-x86_64 0.0.3 23.00 103.00 126.00 NOTE
r-oldrel-macos-arm64 0.0.3 NOTE
r-oldrel-macos-x86_64 0.0.3 11.00 58.00 69.00 NOTE
r-oldrel-windows-x86_64 0.0.3 24.00 131.00 155.00 NOTE

Check Details

Version: 0.0.3
Check: CRAN incoming feasibility
Result: NOTE Maintainer: ‘Amin Adibi <adibi@alumni.ubc.ca>’ The Description field contains <arXiv:2003.00316>. Please refer to arXiv e-prints via their arXiv DOI <doi:10.48550/arXiv.YYMM.NNNNN>. Flavors: r-devel-linux-x86_64-debian-clang, r-devel-linux-x86_64-debian-gcc

Version: 0.0.3
Check: Rd files
Result: NOTE checkRd: (-1) dev_data.Rd:10: Lost braces in \itemize; meant \describe ? checkRd: (-1) dev_data.Rd:11: Lost braces in \itemize; meant \describe ? checkRd: (-1) dev_data.Rd:12: Lost braces in \itemize; meant \describe ? checkRd: (-1) dev_data.Rd:13: Lost braces in \itemize; meant \describe ? checkRd: (-1) dev_data.Rd:14: Lost braces in \itemize; meant \describe ? checkRd: (-1) gusto.Rd:10: Lost braces in \itemize; meant \describe ? checkRd: (-1) gusto.Rd:11: Lost braces in \itemize; meant \describe ? checkRd: (-1) gusto.Rd:12: Lost braces in \itemize; meant \describe ? checkRd: (-1) gusto.Rd:13: Lost braces in \itemize; meant \describe ? checkRd: (-1) gusto.Rd:14: Lost braces in \itemize; meant \describe ? checkRd: (-1) val_data.Rd:10: Lost braces in \itemize; meant \describe ? checkRd: (-1) val_data.Rd:11: Lost braces in \itemize; meant \describe ? checkRd: (-1) val_data.Rd:12: Lost braces in \itemize; meant \describe ? checkRd: (-1) val_data.Rd:13: Lost braces in \itemize; meant \describe ? checkRd: (-1) val_data.Rd:14: Lost braces in \itemize; meant \describe ? Flavors: r-devel-linux-x86_64-debian-clang, r-devel-linux-x86_64-debian-gcc, r-devel-linux-x86_64-fedora-clang, r-devel-linux-x86_64-fedora-gcc, r-devel-windows-x86_64, r-patched-linux-x86_64, r-release-linux-x86_64, r-release-macos-arm64, r-release-macos-x86_64, r-release-windows-x86_64, r-oldrel-macos-arm64, r-oldrel-macos-x86_64, r-oldrel-windows-x86_64

mirror server hosted at Truenetwork, Russian Federation.