CRAN Package Check Results for Package preference

Last updated on 2025-11-02 23:49:47 CET.

Flavor Version Tinstall Tcheck Ttotal Status Flags
r-devel-linux-x86_64-debian-clang 1.1.6 8.77 69.94 78.71 NOTE
r-devel-linux-x86_64-debian-gcc 1.1.6 5.29 48.72 54.01 NOTE
r-devel-linux-x86_64-fedora-clang 1.1.6 24.00 96.68 120.68 NOTE
r-devel-linux-x86_64-fedora-gcc 1.1.6 17.00 92.55 109.55 NOTE
r-devel-windows-x86_64 1.1.6 10.00 79.00 89.00 NOTE
r-patched-linux-x86_64 1.1.6 9.12 63.98 73.10 NOTE
r-release-linux-x86_64 1.1.6 6.87 64.84 71.71 NOTE
r-release-macos-arm64 1.1.6 3.00 28.00 31.00 NOTE
r-release-macos-x86_64 1.1.6 6.00 46.00 52.00 NOTE
r-release-windows-x86_64 1.1.6 9.00 77.00 86.00 NOTE
r-oldrel-macos-arm64 1.1.6 3.00 24.00 27.00 NOTE
r-oldrel-macos-x86_64 1.1.6 5.00 39.00 44.00 NOTE
r-oldrel-windows-x86_64 1.1.6 13.00 99.00 112.00 NOTE

Check Details

Version: 1.1.6
Check: Rd files
Result: NOTE checkRd: (-1) preference-package.Rd:48-49: Lost braces in \itemize; meant \describe ? checkRd: (-1) preference-package.Rd:50-51: Lost braces in \itemize; meant \describe ? checkRd: (-1) preference-package.Rd:52-53: Lost braces in \itemize; meant \describe ? checkRd: (-1) preference-package.Rd:58-60: Lost braces in \itemize; meant \describe ? checkRd: (-1) preference-package.Rd:61-63: Lost braces in \itemize; meant \describe ? checkRd: (-1) preference-package.Rd:68-69: Lost braces in \itemize; meant \describe ? checkRd: (-1) preference-package.Rd:70-71: Lost braces in \itemize; meant \describe ? checkRd: (-1) preference-package.Rd:72-73: Lost braces in \itemize; meant \describe ? checkRd: (-1) preference-package.Rd:78-79: Lost braces in \itemize; meant \describe ? checkRd: (-1) preference-package.Rd:80-81: Lost braces in \itemize; meant \describe ? checkRd: (-1) preference.Rd:21: Lost braces in \itemize; meant \describe ? checkRd: (-1) preference.Rd:22-23: Lost braces in \itemize; meant \describe ? checkRd: (-1) preference.Rd:24-25: Lost braces in \itemize; meant \describe ? checkRd: (-1) preference.Rd:26-27: Lost braces in \itemize; meant \describe ? Flavors: r-devel-linux-x86_64-debian-clang, r-devel-linux-x86_64-debian-gcc, r-devel-linux-x86_64-fedora-clang, r-devel-linux-x86_64-fedora-gcc, r-devel-windows-x86_64, r-patched-linux-x86_64, r-release-linux-x86_64, r-release-macos-arm64, r-release-macos-x86_64, r-release-windows-x86_64, r-oldrel-macos-arm64, r-oldrel-macos-x86_64, r-oldrel-windows-x86_64

mirror server hosted at Truenetwork, Russian Federation.