Last updated on 2025-11-24 11:50:15 CET.
| Flavor | Version | Tinstall | Tcheck | Ttotal | Status | Flags |
|---|---|---|---|---|---|---|
| r-devel-linux-x86_64-debian-clang | 2.1.0 | 3.02 | 32.70 | 35.72 | NOTE | |
| r-devel-linux-x86_64-debian-gcc | 2.1.0 | 2.40 | 26.56 | 28.96 | NOTE | |
| r-devel-linux-x86_64-fedora-clang | 2.1.0 | 55.30 | OK | |||
| r-devel-linux-x86_64-fedora-gcc | 2.1.0 | 51.74 | OK | |||
| r-devel-windows-x86_64 | 2.1.0 | 6.00 | 49.00 | 55.00 | OK | |
| r-patched-linux-x86_64 | 2.1.0 | 3.69 | 31.34 | 35.03 | OK | |
| r-release-linux-x86_64 | 2.1.0 | 3.05 | 31.56 | 34.61 | OK | |
| r-release-macos-arm64 | 2.1.0 | OK | ||||
| r-release-macos-x86_64 | 2.1.0 | 4.00 | 31.00 | 35.00 | OK | |
| r-release-windows-x86_64 | 2.1.0 | 5.00 | 79.00 | 84.00 | OK | |
| r-oldrel-macos-arm64 | 2.1.0 | OK | ||||
| r-oldrel-macos-x86_64 | 2.1.0 | 3.00 | 29.00 | 32.00 | OK | |
| r-oldrel-windows-x86_64 | 2.1.0 | 6.00 | 56.00 | 62.00 | OK |
Version: 2.1.0
Check: CRAN incoming feasibility
Result: NOTE
Maintainer: ‘Matthew A. Birk <matthewabirk@gmail.com>’
No Authors@R field in DESCRIPTION.
Please add one, modifying
Authors@R: person(given = c("Matthew", "A."),
family = "Birk",
role = c("aut", "cre"),
email = "matthewabirk@gmail.com")
as necessary.
Flavors: r-devel-linux-x86_64-debian-clang, r-devel-linux-x86_64-debian-gcc