Last updated on 2025-11-02 23:49:47 CET.
| Flavor | Version | Tinstall | Tcheck | Ttotal | Status | Flags |
|---|---|---|---|---|---|---|
| r-devel-linux-x86_64-debian-clang | 0.3.7 | 3.56 | 40.77 | 44.33 | NOTE | |
| r-devel-linux-x86_64-debian-gcc | 0.3.7 | 2.43 | 30.62 | 33.05 | NOTE | |
| r-devel-linux-x86_64-fedora-clang | 0.3.7 | 66.88 | NOTE | |||
| r-devel-linux-x86_64-fedora-gcc | 0.3.7 | 12.00 | 71.06 | 83.06 | NOTE | |
| r-devel-windows-x86_64 | 0.3.7 | 6.00 | 59.00 | 65.00 | OK | |
| r-patched-linux-x86_64 | 0.3.7 | 3.57 | 38.50 | 42.07 | OK | |
| r-release-linux-x86_64 | 0.3.7 | 3.11 | 38.74 | 41.85 | OK | |
| r-release-macos-arm64 | 0.3.7 | 2.00 | 35.00 | 37.00 | OK | |
| r-release-macos-x86_64 | 0.3.7 | 3.00 | 48.00 | 51.00 | OK | |
| r-release-windows-x86_64 | 0.3.7 | 5.00 | 58.00 | 63.00 | OK | |
| r-oldrel-macos-arm64 | 0.3.7 | 2.00 | 27.00 | 29.00 | OK | |
| r-oldrel-macos-x86_64 | 0.3.7 | 2.00 | 51.00 | 53.00 | OK | |
| r-oldrel-windows-x86_64 | 0.3.7 | 6.00 | 70.00 | 76.00 | OK |
Version: 0.3.7
Check: Rd files
Result: NOTE
checkRd: (-1) launch_presize_app.Rd:22: height/width attributes should be in pixels
Flavors: r-devel-linux-x86_64-debian-clang, r-devel-linux-x86_64-debian-gcc, r-devel-linux-x86_64-fedora-clang, r-devel-linux-x86_64-fedora-gcc