CRAN Package Check Results for Package prevederer

Last updated on 2025-07-12 12:48:37 CEST.

Flavor Version Tinstall Tcheck Ttotal Status Flags
r-devel-linux-x86_64-debian-clang 0.0.1 1.42 21.47 22.89 OK
r-devel-linux-x86_64-debian-gcc 0.0.1 1.53 18.55 20.08 OK
r-devel-linux-x86_64-fedora-clang 0.0.1 36.40 OK
r-devel-linux-x86_64-fedora-gcc 0.0.1 32.80 OK
r-devel-windows-x86_64 0.0.1 4.00 43.00 47.00 OK
r-patched-linux-x86_64 0.0.1 2.05 19.69 21.74 OK
r-release-linux-x86_64 0.0.1 1.86 19.51 21.37 OK
r-release-macos-arm64 0.0.1 20.00 OK
r-release-macos-x86_64 0.0.1 27.00 OK
r-release-windows-x86_64 0.0.1 4.00 45.00 49.00 OK
r-oldrel-macos-arm64 0.0.1 15.00 NOTE
r-oldrel-macos-x86_64 0.0.1 23.00 NOTE
r-oldrel-windows-x86_64 0.0.1 4.00 47.00 51.00 NOTE

Check Details

Version: 0.0.1
Check: LazyData
Result: NOTE 'LazyData' is specified without a 'data' directory Flavors: r-oldrel-macos-arm64, r-oldrel-macos-x86_64, r-oldrel-windows-x86_64

mirror server hosted at Truenetwork, Russian Federation.