Last updated on 2025-05-25 06:51:20 CEST.
Flavor | Version | Tinstall | Tcheck | Ttotal | Status | Flags |
---|---|---|---|---|---|---|
r-devel-linux-x86_64-debian-clang | 0.2.0 | 1.93 | 36.05 | 37.98 | NOTE | |
r-devel-linux-x86_64-debian-gcc | 0.2.0 | 1.42 | 25.66 | 27.08 | NOTE | |
r-devel-linux-x86_64-fedora-clang | 0.2.0 | 61.49 | OK | |||
r-devel-linux-x86_64-fedora-gcc | 0.2.0 | 71.93 | OK | |||
r-devel-windows-x86_64 | 0.2.0 | 3.00 | 114.00 | 117.00 | OK | |
r-patched-linux-x86_64 | 0.2.0 | 2.00 | 34.32 | 36.32 | OK | |
r-release-linux-x86_64 | 0.2.0 | 1.88 | 34.18 | 36.06 | OK | |
r-release-macos-arm64 | 0.2.0 | 27.00 | OK | |||
r-release-macos-x86_64 | 0.2.0 | 61.00 | OK | |||
r-release-windows-x86_64 | 0.2.0 | 3.00 | 67.00 | 70.00 | OK | |
r-oldrel-macos-arm64 | 0.2.0 | 28.00 | OK | |||
r-oldrel-macos-x86_64 | 0.2.0 | 47.00 | OK | |||
r-oldrel-windows-x86_64 | 0.2.0 | 4.00 | 71.00 | 75.00 | OK |
Version: 0.2.0
Check: CRAN incoming feasibility
Result: NOTE
Maintainer: ‘David Schruth <data@anthropoidea.org>’
No Authors@R field in DESCRIPTION.
Please add one, modifying
Authors@R: c(person(given = "David",
family = "Schruth",
role = "cre",
email = "data@anthropoidea.org"),
person(given = "Marc",
family = "Myers",
role = "ctb"),
person(given = "Noel",
family = "Rowe",
role = "aut"))
as necessary.
Flavors: r-devel-linux-x86_64-debian-clang, r-devel-linux-x86_64-debian-gcc