CRAN Package Check Results for Package primerTree

Last updated on 2025-05-09 18:50:22 CEST.

Flavor Version Tinstall Tcheck Ttotal Status Flags
r-devel-linux-x86_64-debian-clang 1.0.6 9.29 78.76 88.05 NOTE
r-devel-linux-x86_64-debian-gcc 1.0.6 6.11 55.27 61.38 NOTE
r-devel-linux-x86_64-fedora-clang 1.0.6 132.46 OK
r-devel-linux-x86_64-fedora-gcc 1.0.6 132.06 OK
r-devel-windows-x86_64 1.0.6 13.00 89.00 102.00 NOTE
r-patched-linux-x86_64 1.0.6 9.07 75.34 84.41 NOTE
r-release-linux-x86_64 1.0.6 8.27 75.63 83.90 NOTE
r-release-macos-arm64 1.0.6 42.00 OK
r-release-macos-x86_64 1.0.6 69.00 OK
r-release-windows-x86_64 1.0.6 14.00 90.00 104.00 NOTE
r-oldrel-macos-arm64 1.0.6 40.00 OK
r-oldrel-macos-x86_64 1.0.6 58.00 OK
r-oldrel-windows-x86_64 1.0.6 16.00 110.00 126.00 OK

Check Details

Version: 1.0.6
Check: Rd cross-references
Result: NOTE Found the following Rd file(s) with Rd \link{} targets missing package anchors: get_sequence.Rd: DNAbin get_sequences.Rd: DNAbin layout_tree_ape.Rd: phylo, plot.phylo search_primer_pair.Rd: create_progress_bar, response tree_from_alignment.Rd: dist.dna, nj Please provide package anchors for all Rd \link{} targets not in the package itself and the base packages. Flavors: r-devel-linux-x86_64-debian-clang, r-devel-linux-x86_64-debian-gcc, r-devel-windows-x86_64, r-patched-linux-x86_64, r-release-linux-x86_64, r-release-windows-x86_64

mirror server hosted at Truenetwork, Russian Federation.