Last updated on 2025-11-02 17:49:48 CET.
| Flavor | Version | Tinstall | Tcheck | Ttotal | Status | Flags |
|---|---|---|---|---|---|---|
| r-devel-linux-x86_64-debian-clang | 0.2.0 | 15.81 | 224.38 | 240.19 | OK | |
| r-devel-linux-x86_64-debian-gcc | 0.2.0 | 11.04 | 145.10 | 156.14 | OK | |
| r-devel-linux-x86_64-fedora-clang | 0.2.0 | 97.00 | 289.95 | 386.95 | OK | |
| r-devel-linux-x86_64-fedora-gcc | 0.2.0 | 96.00 | 271.94 | 367.94 | OK | |
| r-devel-windows-x86_64 | 0.2.0 | 19.00 | 183.00 | 202.00 | OK | |
| r-patched-linux-x86_64 | 0.2.0 | 0.38 | 1.98 | 2.36 | ERROR | |
| r-release-linux-x86_64 | 0.2.0 | 16.49 | 194.39 | 210.88 | OK | |
| r-release-macos-arm64 | 0.2.0 | 7.00 | 89.00 | 96.00 | OK | |
| r-release-macos-x86_64 | 0.2.0 | 7.00 | ERROR | |||
| r-release-windows-x86_64 | 0.2.0 | 19.00 | 181.00 | 200.00 | OK | |
| r-oldrel-macos-arm64 | 0.2.0 | 6.00 | 92.00 | 98.00 | OK | |
| r-oldrel-macos-x86_64 | 0.2.0 | 12.00 | ERROR | |||
| r-oldrel-windows-x86_64 | 0.2.0 | 26.00 | 246.00 | 272.00 | OK |
Version: 0.2.0
Check: package dependencies
Result: ERROR
Package required but not available: ‘glmSparseNet’
See section ‘The DESCRIPTION file’ in the ‘Writing R Extensions’
manual.
Flavors: r-patched-linux-x86_64, r-release-macos-x86_64, r-oldrel-macos-x86_64