Last updated on 2025-05-18 06:49:22 CEST.
Flavor | Version | Tinstall | Tcheck | Ttotal | Status | Flags |
---|---|---|---|---|---|---|
r-devel-linux-x86_64-debian-clang | 1.0.6 | 10.15 | 118.52 | 128.67 | NOTE | |
r-devel-linux-x86_64-debian-gcc | 1.0.6 | 6.94 | 81.61 | 88.55 | NOTE | |
r-devel-linux-x86_64-fedora-clang | 1.0.6 | 199.82 | OK | |||
r-devel-linux-x86_64-fedora-gcc | 1.0.6 | 206.14 | OK | |||
r-devel-windows-x86_64 | 1.0.6 | 12.00 | 126.00 | 138.00 | NOTE | |
r-patched-linux-x86_64 | 1.0.6 | 10.16 | 110.92 | 121.08 | NOTE | |
r-release-linux-x86_64 | 1.0.6 | 8.45 | 111.51 | 119.96 | NOTE | |
r-release-macos-arm64 | 1.0.6 | 70.00 | OK | |||
r-release-macos-x86_64 | 1.0.6 | 140.00 | OK | |||
r-release-windows-x86_64 | 1.0.6 | 11.00 | 143.00 | 154.00 | NOTE | |
r-oldrel-macos-arm64 | 1.0.6 | 65.00 | OK | |||
r-oldrel-macos-x86_64 | 1.0.6 | 116.00 | OK | |||
r-oldrel-windows-x86_64 | 1.0.6 | 15.00 | 159.00 | 174.00 | OK |
Version: 1.0.6
Check: Rd cross-references
Result: NOTE
Found the following Rd file(s) with Rd \link{} targets missing package
anchors:
proc_print.Rd: reporter
proc_reg.Rd: v
Please provide package anchors for all Rd \link{} targets not in the
package itself and the base packages.
Flavors: r-devel-linux-x86_64-debian-clang, r-devel-linux-x86_64-debian-gcc, r-devel-windows-x86_64, r-patched-linux-x86_64, r-release-linux-x86_64, r-release-windows-x86_64