CRAN Package Check Results for Package promr

Last updated on 2025-05-25 06:51:20 CEST.

Flavor Version Tinstall Tcheck Ttotal Status Flags
r-devel-linux-x86_64-debian-clang 0.1.3 1.61 21.32 22.93 NOTE
r-devel-linux-x86_64-debian-gcc 0.1.3 1.31 17.23 18.54 NOTE
r-devel-linux-x86_64-fedora-clang 0.1.3 34.82 NOTE
r-devel-linux-x86_64-fedora-gcc 0.1.3 32.38 NOTE
r-devel-windows-x86_64 0.1.3 4.00 68.00 72.00 NOTE
r-patched-linux-x86_64 0.1.3 1.94 19.38 21.32 NOTE
r-release-linux-x86_64 0.1.3 1.92 19.33 21.25 NOTE
r-release-macos-arm64 0.1.3 16.00 NOTE
r-release-macos-x86_64 0.1.3 28.00 NOTE
r-release-windows-x86_64 0.1.3 3.00 43.00 46.00 NOTE
r-oldrel-macos-arm64 0.1.3 16.00 OK
r-oldrel-macos-x86_64 0.1.3 21.00 OK
r-oldrel-windows-x86_64 0.1.3 4.00 47.00 51.00 OK

Check Details

Version: 0.1.3
Check: DESCRIPTION meta-information
Result: NOTE Missing dependency on R >= 4.1.0 because package code uses the pipe |> or function shorthand \(...) syntax added in R 4.1.0. File(s) using such syntax: ‘build_url.R’ Flavors: r-devel-linux-x86_64-debian-clang, r-devel-linux-x86_64-debian-gcc, r-devel-linux-x86_64-fedora-clang, r-devel-linux-x86_64-fedora-gcc, r-devel-windows-x86_64, r-patched-linux-x86_64, r-release-linux-x86_64, r-release-macos-arm64, r-release-macos-x86_64, r-release-windows-x86_64

mirror server hosted at Truenetwork, Russian Federation.