CRAN Package Check Results for Package prop.comb.RR

Last updated on 2025-11-03 17:49:58 CET.

Flavor Version Tinstall Tcheck Ttotal Status Flags
r-devel-linux-x86_64-debian-clang 1.2 4.13 29.43 33.56 NOTE
r-devel-linux-x86_64-debian-gcc 1.2 2.99 22.21 25.20 NOTE
r-devel-linux-x86_64-fedora-clang 1.2 51.42 OK
r-devel-linux-x86_64-fedora-gcc 1.2 47.95 OK
r-devel-windows-x86_64 1.2 6.00 50.00 56.00 OK
r-patched-linux-x86_64 1.2 4.26 27.98 32.24 OK
r-release-linux-x86_64 1.2 3.65 27.83 31.48 OK
r-release-macos-arm64 1.2 2.00 17.00 19.00 OK
r-release-macos-x86_64 1.2 3.00 29.00 32.00 OK
r-release-windows-x86_64 1.2 5.00 49.00 54.00 OK
r-oldrel-macos-arm64 1.2 2.00 17.00 19.00 OK
r-oldrel-macos-x86_64 1.2 3.00 23.00 26.00 OK
r-oldrel-windows-x86_64 1.2 4.00 50.00 54.00 OK

Check Details

Version: 1.2
Check: CRAN incoming feasibility
Result: NOTE Maintainer: ‘Maria Alvarez <maria.alvarez@uvigo.es>’ No Authors@R field in DESCRIPTION. Please add one, modifying Authors@R: c(person(given = "Maria", family = "Alvarez", role = c("aut", "cre"), email = "maria.alvarez@uvigo.es"), person(given = "Javier", family = "Roca-Pardinas", role = "aut")) as necessary. Flavors: r-devel-linux-x86_64-debian-clang, r-devel-linux-x86_64-debian-gcc

mirror server hosted at Truenetwork, Russian Federation.