CRAN Package Check Results for Package provTraceR

Last updated on 2025-07-12 12:48:37 CEST.

Flavor Version Tinstall Tcheck Ttotal Status Flags
r-devel-linux-x86_64-debian-clang 1.0 1.72 22.95 24.67 OK
r-devel-linux-x86_64-debian-gcc 1.0 1.61 18.70 20.31 OK
r-devel-linux-x86_64-fedora-clang 1.0 43.19 OK
r-devel-linux-x86_64-fedora-gcc 1.0 52.63 OK
r-devel-windows-x86_64 1.0 3.00 44.00 47.00 OK
r-patched-linux-x86_64 1.0 2.08 21.67 23.75 OK
r-release-linux-x86_64 1.0 2.01 21.63 23.64 OK
r-release-macos-arm64 1.0 30.00 OK
r-release-macos-x86_64 1.0 39.00 OK
r-release-windows-x86_64 1.0 3.00 43.00 46.00 OK
r-oldrel-macos-arm64 1.0 84.00 NOTE
r-oldrel-macos-x86_64 1.0 34.00 NOTE
r-oldrel-windows-x86_64 1.0 4.00 48.00 52.00 NOTE

Check Details

Version: 1.0
Check: package dependencies
Result: NOTE Package suggested but not available for checking: ‘rdt’ Flavors: r-oldrel-macos-arm64, r-oldrel-macos-x86_64, r-oldrel-windows-x86_64

Version: 1.0
Check: LazyData
Result: NOTE 'LazyData' is specified without a 'data' directory Flavors: r-oldrel-macos-arm64, r-oldrel-macos-x86_64, r-oldrel-windows-x86_64

mirror server hosted at Truenetwork, Russian Federation.