Last updated on 2025-05-29 00:48:30 CEST.
Flavor | Version | Tinstall | Tcheck | Ttotal | Status | Flags |
---|---|---|---|---|---|---|
r-devel-linux-x86_64-debian-clang | 0.0.3 | 2.25 | 28.39 | 30.64 | OK | |
r-devel-linux-x86_64-debian-gcc | 0.0.3 | 2.08 | 21.85 | 23.93 | OK | |
r-devel-linux-x86_64-fedora-clang | 0.0.3 | 52.72 | OK | |||
r-devel-linux-x86_64-fedora-gcc | 0.0.3 | 60.58 | OK | |||
r-devel-windows-x86_64 | 0.0.3 | 4.00 | 49.00 | 53.00 | OK | |
r-patched-linux-x86_64 | 0.0.3 | 2.73 | 27.41 | 30.14 | OK | |
r-release-linux-x86_64 | 0.0.3 | 2.39 | 27.35 | 29.74 | OK | |
r-release-macos-arm64 | 0.0.3 | 28.00 | OK | |||
r-release-macos-x86_64 | 0.0.3 | 46.00 | OK | |||
r-release-windows-x86_64 | 0.0.3 | 4.00 | 53.00 | 57.00 | OK | |
r-oldrel-macos-arm64 | 0.0.3 | 25.00 | NOTE | |||
r-oldrel-macos-x86_64 | 0.0.3 | 38.00 | NOTE | |||
r-oldrel-windows-x86_64 | 0.0.3 | 5.00 | 53.00 | 58.00 | NOTE |
Version: 0.0.3
Check: LazyData
Result: NOTE
'LazyData' is specified without a 'data' directory
Flavors: r-oldrel-macos-arm64, r-oldrel-macos-x86_64, r-oldrel-windows-x86_64