Last updated on 2025-05-25 18:50:03 CEST.
Flavor | Version | Tinstall | Tcheck | Ttotal | Status | Flags |
---|---|---|---|---|---|---|
r-devel-linux-x86_64-debian-clang | 0.1.4 | 2.08 | 26.41 | 28.49 | OK | |
r-devel-linux-x86_64-debian-gcc | 0.1.4 | 1.55 | 21.13 | 22.68 | OK | |
r-devel-linux-x86_64-fedora-clang | 0.1.4 | 43.95 | OK | |||
r-devel-linux-x86_64-fedora-gcc | 0.1.4 | 58.05 | OK | |||
r-devel-windows-x86_64 | 0.1.4 | 5.00 | 88.00 | 93.00 | OK | |
r-patched-linux-x86_64 | 0.1.4 | 2.18 | 24.89 | 27.07 | OK | |
r-release-linux-x86_64 | 0.1.4 | 1.94 | 24.28 | 26.22 | OK | |
r-release-macos-arm64 | 0.1.4 | 29.00 | OK | |||
r-release-macos-x86_64 | 0.1.4 | 75.00 | OK | |||
r-release-windows-x86_64 | 0.1.4 | 4.00 | 49.00 | 53.00 | OK | |
r-oldrel-macos-arm64 | 0.1.4 | 24.00 | NOTE | |||
r-oldrel-macos-x86_64 | 0.1.4 | 62.00 | NOTE | |||
r-oldrel-windows-x86_64 | 0.1.4 | 4.00 | 54.00 | 58.00 | NOTE |
Version: 0.1.4
Check: LazyData
Result: NOTE
'LazyData' is specified without a 'data' directory
Flavors: r-oldrel-macos-arm64, r-oldrel-macos-x86_64, r-oldrel-windows-x86_64