CRAN Package Check Results for Package puzzle

Last updated on 2025-05-21 06:49:44 CEST.

Flavor Version Tinstall Tcheck Ttotal Status Flags
r-devel-linux-x86_64-debian-clang 0.0.1 3.17 25.84 29.01 OK
r-devel-linux-x86_64-debian-gcc 0.0.1 2.35 20.77 23.12 OK
r-devel-linux-x86_64-fedora-clang 0.0.1 43.98 NOTE
r-devel-linux-x86_64-fedora-gcc 0.0.1 43.23 NOTE
r-devel-windows-x86_64 0.0.1 6.00 55.00 61.00 OK
r-patched-linux-x86_64 0.0.1 2.45 23.77 26.22 OK
r-release-linux-x86_64 0.0.1 2.97 23.62 26.59 OK
r-release-macos-arm64 0.0.1 23.00 OK
r-release-macos-x86_64 0.0.1 40.00 OK
r-release-windows-x86_64 0.0.1 5.00 59.00 64.00 OK
r-oldrel-macos-arm64 0.0.1 19.00 OK
r-oldrel-macos-x86_64 0.0.1 25.00 OK
r-oldrel-windows-x86_64 0.0.1 6.00 54.00 60.00 OK

Check Details

Version: 0.0.1
Check: dependencies in R code
Result: NOTE Namespaces in Imports field not imported from: ‘kableExtra’ ‘readr’ ‘tidyverse’ All declared Imports should be used. Flavors: r-devel-linux-x86_64-fedora-clang, r-devel-linux-x86_64-fedora-gcc

mirror server hosted at Truenetwork, Russian Federation.