CRAN Package Check Results for Package pwrAB

Last updated on 2025-07-13 00:48:36 CEST.

Flavor Version Tinstall Tcheck Ttotal Status Flags
r-devel-linux-x86_64-debian-clang 0.1.0 1.91 22.34 24.25 OK
r-devel-linux-x86_64-debian-gcc 0.1.0 1.48 17.52 19.00 OK
r-devel-linux-x86_64-fedora-clang 0.1.0 37.97 OK
r-devel-linux-x86_64-fedora-gcc 0.1.0 35.45 OK
r-devel-windows-x86_64 0.1.0 2.00 42.00 44.00 OK
r-patched-linux-x86_64 0.1.0 1.88 21.34 23.22 OK
r-release-linux-x86_64 0.1.0 1.76 20.96 22.72 OK
r-release-macos-arm64 0.1.0 17.00 OK
r-release-macos-x86_64 0.1.0 31.00 OK
r-release-windows-x86_64 0.1.0 2.00 46.00 48.00 OK
r-oldrel-macos-arm64 0.1.0 17.00 NOTE
r-oldrel-macos-x86_64 0.1.0 24.00 NOTE
r-oldrel-windows-x86_64 0.1.0 3.00 44.00 47.00 NOTE

Check Details

Version: 0.1.0
Check: LazyData
Result: NOTE 'LazyData' is specified without a 'data' directory Flavors: r-oldrel-macos-arm64, r-oldrel-macos-x86_64, r-oldrel-windows-x86_64

mirror server hosted at Truenetwork, Russian Federation.